CRAN Package Check Results for Package EnvCpt

Last updated on 2024-06-13 06:58:00 CEST.

Flavor Version Tinstall Tcheck Ttotal Status Flags
r-devel-linux-x86_64-debian-clang 1.1.3 4.96 41.24 46.20 OK
r-devel-linux-x86_64-debian-gcc 1.1.3 4.24 29.38 33.62 ERROR
r-devel-linux-x86_64-fedora-clang 1.1.3 57.39 OK
r-devel-linux-x86_64-fedora-gcc 1.1.3 57.93 OK
r-devel-windows-x86_64 1.1.3 7.00 54.00 61.00 OK
r-patched-linux-x86_64 1.1.3 6.65 39.04 45.69 OK
r-release-linux-x86_64 1.1.3 4.96 39.28 44.24 OK
r-release-macos-arm64 1.1.3 23.00 OK
r-release-macos-x86_64 1.1.3 32.00 OK
r-release-windows-x86_64 1.1.3 7.00 36.00 43.00 FAIL
r-oldrel-macos-arm64 1.1.3 23.00 OK
r-oldrel-macos-x86_64 1.1.3 33.00 OK
r-oldrel-windows-x86_64 1.1.3 6.00 60.00 66.00 OK

Check Details

Version: 1.1.3
Check: package dependencies
Result: NOTE Package suggested but not available for checking: ‘testthat’ Flavor: r-devel-linux-x86_64-debian-gcc

Version: 1.1.3
Check: tests
Result: ERROR Running ‘testthat.R’ [0s/1s] Running the tests in ‘tests/testthat.R’ failed. Complete output: > library(testthat) Error in library(testthat) : there is no package called 'testthat' Execution halted Flavor: r-devel-linux-x86_64-debian-gcc

Version: 1.1.3
Check: PDF version of manual
Result: WARN LaTeX errors when creating PDF version. This typically indicates Rd problems. Flavor: r-release-windows-x86_64

Version: 1.1.3
Check: PDF version of manual without index
Result: ERROR Re-running with no redirection of stdout/stderr. Flavor: r-release-windows-x86_64

Version: 1.1.3
Check: HTML version of manual
Result: FAIL
Flavor: r-release-windows-x86_64