CRAN Package Check Results for Package EnvNJ

Last updated on 2024-06-13 06:58:00 CEST.

Flavor Version Tinstall Tcheck Ttotal Status Flags
r-devel-linux-x86_64-debian-clang 0.1.3 10.01 522.11 532.12 NOTE
r-devel-linux-x86_64-debian-gcc 0.1.3 0.42 1.57 1.99 ERROR
r-devel-linux-x86_64-fedora-clang 0.1.3 635.05 NOTE
r-devel-linux-x86_64-fedora-gcc 0.1.3 601.86 NOTE
r-devel-windows-x86_64 0.1.3 10.00 384.00 394.00 NOTE
r-patched-linux-x86_64 0.1.3 8.58 492.08 500.66 NOTE
r-release-linux-x86_64 0.1.3 9.72 496.24 505.96 NOTE
r-release-macos-arm64 0.1.3 142.00 NOTE
r-release-macos-x86_64 0.1.3 246.00 NOTE
r-release-windows-x86_64 0.1.3 11.00 5.00 16.00 FAIL
r-oldrel-macos-arm64 0.1.3 151.00 OK
r-oldrel-macos-x86_64 0.1.3 258.00 OK
r-oldrel-windows-x86_64 0.1.3 14.00 507.00 521.00 OK

Check Details

Version: 0.1.3
Check: Rd files
Result: NOTE checkRd: (-1) metrics.Rd:124: Lost braces 124 | Avg = 0.5 (sum | P_i - Q_i| + max{ | P_i - Q_i |}) | ^ Flavors: r-devel-linux-x86_64-debian-clang, r-devel-linux-x86_64-fedora-clang, r-devel-linux-x86_64-fedora-gcc, r-devel-windows-x86_64, r-patched-linux-x86_64, r-release-linux-x86_64, r-release-macos-arm64, r-release-macos-x86_64

Version: 0.1.3
Check: package dependencies
Result: ERROR Packages required but not available: 'phangorn', 'stringr' Package suggested but not available for checking: ‘testthat’ See section ‘The DESCRIPTION file’ in the ‘Writing R Extensions’ manual. Flavor: r-devel-linux-x86_64-debian-gcc

Version: 0.1.3
Check: installed package size
Result: FAIL
Flavor: r-release-windows-x86_64