CRAN Package Check Results for Package EnvStats

Last updated on 2024-05-30 06:56:28 CEST.

Flavor Version Tinstall Tcheck Ttotal Status Flags
r-devel-linux-x86_64-debian-clang 2.8.1 75.60 576.24 651.84 NOTE
r-devel-linux-x86_64-debian-gcc 2.8.1 55.26 384.29 439.55 NOTE
r-devel-linux-x86_64-fedora-clang 2.8.1 766.99 NOTE
r-devel-linux-x86_64-fedora-gcc 2.8.1 742.14 NOTE
r-devel-windows-x86_64 2.8.1 62.00 489.00 551.00 NOTE
r-patched-linux-x86_64 2.8.1 93.62 533.25 626.87 NOTE
r-release-linux-x86_64 2.8.1 70.66 521.49 592.15 NOTE
r-release-macos-arm64 2.8.1 156.00 NOTE
r-release-windows-x86_64 2.8.1 60.00 467.00 527.00 NOTE
r-oldrel-macos-arm64 2.8.1 161.00 NOTE
r-oldrel-macos-x86_64 2.8.1 380.00 NOTE
r-oldrel-windows-x86_64 2.8.1 86.00 636.00 722.00 NOTE

Check Details

Version: 2.8.1
Check: Rd files
Result: NOTE checkRd: (-1) Olympic.NH4.df.Rd:35: Lost braces in \itemize; meant \describe ? checkRd: (-1) Olympic.NH4.df.Rd:36: Lost braces in \itemize; meant \describe ? checkRd: (-1) Olympic.NH4.df.Rd:37: Lost braces in \itemize; meant \describe ? checkRd: (-1) Olympic.NH4.df.Rd:38: Lost braces in \itemize; meant \describe ? checkRd: (-1) Olympic.NH4.df.Rd:39: Lost braces in \itemize; meant \describe ? checkRd: (-1) Olympic.NH4.df.Rd:40: Lost braces in \itemize; meant \describe ? checkRd: (-1) Olympic.NH4.df.Rd:41: Lost braces in \itemize; meant \describe ? checkRd: (-1) Olympic.NH4.df.Rd:42: Lost braces in \itemize; meant \describe ? checkRd: (-1) eqpois.Rd:200: Lost braces 200 | \code{\link{epois}}, \link[stats]{Poisson}, code{\link{estimate.object}}. | ^ checkRd: (-1) plotPredIntLnormAltSimultaneousTestPowerCurve.Rd:77: Lost braces 77 | positive integer between \code{1} and code{r} specifying the number of future | ^ Flavors: r-devel-linux-x86_64-debian-clang, r-devel-linux-x86_64-debian-gcc, r-devel-linux-x86_64-fedora-clang, r-devel-linux-x86_64-fedora-gcc, r-devel-windows-x86_64, r-patched-linux-x86_64, r-release-linux-x86_64, r-release-macos-arm64, r-release-windows-x86_64

Version: 2.8.1
Check: installed package size
Result: NOTE installed size is 6.6Mb sub-directories of 1Mb or more: R 2.3Mb help 3.6Mb Flavors: r-devel-linux-x86_64-fedora-clang, r-devel-windows-x86_64, r-release-macos-arm64, r-release-windows-x86_64, r-oldrel-macos-arm64, r-oldrel-macos-x86_64, r-oldrel-windows-x86_64