CRAN Package Check Results for Package EnvStats

Last updated on 2021-11-29 05:49:44 CET.

Flavor Version Tinstall Tcheck Ttotal Status Flags
r-devel-linux-x86_64-debian-clang 2.4.0 OK
r-devel-linux-x86_64-debian-gcc 2.4.0 54.04 326.84 380.88 OK
r-devel-linux-x86_64-fedora-clang 2.4.0 650.03 NOTE
r-devel-linux-x86_64-fedora-gcc 2.4.0 633.06 OK
r-devel-windows-x86_64-new-UL 2.4.0 141.00 570.00 711.00 NOTE
r-devel-windows-x86_64-new-TK 2.4.0 OK
r-devel-windows-x86_64-old 2.4.0 77.00 549.00 626.00 NOTE
r-patched-linux-x86_64 2.4.0 88.97 433.85 522.82 OK
r-patched-solaris-x86 2.4.0 676.70 NOTE
r-release-linux-x86_64 2.4.0 62.27 435.80 498.07 OK
r-release-macos-arm64 2.4.0 NOTE
r-release-macos-x86_64 2.4.0 NOTE
r-release-windows-ix86+x86_64 2.4.0 109.00 385.00 494.00 NOTE
r-oldrel-macos-x86_64 2.4.0 NOTE
r-oldrel-windows-ix86+x86_64 2.4.0 82.00 512.00 594.00 NOTE

Check Details

Version: 2.4.0
Check: installed package size
Result: NOTE
     installed size is 6.4Mb
     sub-directories of 1Mb or more:
     R 2.3Mb
     help 3.4Mb
Flavors: r-devel-linux-x86_64-fedora-clang, r-devel-windows-x86_64-new-UL, r-devel-windows-x86_64-old, r-patched-solaris-x86, r-release-macos-arm64, r-release-macos-x86_64, r-release-windows-ix86+x86_64, r-oldrel-macos-x86_64, r-oldrel-windows-ix86+x86_64

Version: 2.4.0
Check: Rd cross-references
Result: NOTE
    Undeclared package ‘Hmisc’ in Rd xrefs
Flavor: r-devel-linux-x86_64-fedora-clang