CRAN Package Check Results for Package EpiInvert

Last updated on 2022-08-16 05:53:58 CEST.

Flavor Version Tinstall Tcheck Ttotal Status Flags
r-devel-linux-x86_64-debian-clang 0.2.0 30.45 45.56 76.01 OK
r-devel-linux-x86_64-debian-gcc 0.2.0 26.26 35.30 61.56 OK
r-devel-linux-x86_64-fedora-clang 0.2.0 113.97 OK
r-devel-linux-x86_64-fedora-gcc 0.2.0 110.77 OK
r-devel-windows-x86_64 0.2.0 38.00 89.00 127.00 OK
r-patched-linux-x86_64 0.2.0 29.24 43.82 73.06 OK
r-release-linux-x86_64 0.2.0 28.74 42.55 71.29 OK
r-release-macos-arm64 0.2.0 38.00 ERROR
r-release-macos-x86_64 0.2.0 43.00 NOTE
r-release-windows-x86_64 0.2.0 44.00 89.00 133.00 OK
r-oldrel-macos-arm64 0.2.0 39.00 ERROR
r-oldrel-macos-x86_64 0.2.0 43.00 NOTE
r-oldrel-windows-ix86+x86_64 0.2.0 73.00 101.00 174.00 NOTE

Additional issues

M1mac

Check Details

Version: 0.2.0
Check: installed package size
Result: NOTE
     installed size is 5.9Mb
     sub-directories of 1Mb or more:
     data 3.7Mb
     libs 2.1Mb
Flavors: r-release-macos-arm64, r-release-macos-x86_64, r-oldrel-macos-arm64, r-oldrel-macos-x86_64, r-oldrel-windows-ix86+x86_64

Version: 0.2.0
Check: tests
Result: ERROR
     Running ‘testthat.R’ [1s/1s]
    Running the tests in ‘tests/testthat.R’ failed.
    Last 13 lines of output:
     ══ Failed tests ════════════════════════════════════════════════════════════════
     ── Failure (test-USA_parametric_si.R:62:3): EpiInvert using USA data ───────────
     `x` (`actual`) not equal to 1.25 (`expected`).
    
     `actual`: 1.26
     `expected`: 1.25
     ── Failure (test-USA_parametric_si.R:68:3): EpiInvert using USA data ───────────
     `x` (`actual`) not equal to 36024 (`expected`).
    
     `actual`: 36067
     `expected`: 36024
    
     [ FAIL 2 | WARN 0 | SKIP 0 | PASS 6 ]
     Error: Test failures
     Execution halted
Flavors: r-release-macos-arm64, r-oldrel-macos-arm64