CRAN Package Check Results for Package EstimateGroupNetwork

Last updated on 2024-06-22 06:50:45 CEST.

Flavor Version Tinstall Tcheck Ttotal Status Flags
r-devel-linux-x86_64-debian-clang 0.3.1 12.33 116.30 128.63 NOTE
r-devel-linux-x86_64-debian-gcc 0.3.1 11.98 85.65 97.63 NOTE
r-devel-linux-x86_64-fedora-clang 0.3.1 162.64 NOTE
r-devel-linux-x86_64-fedora-gcc 0.3.1 152.22 NOTE
r-devel-windows-x86_64 0.3.1 13.00 94.00 107.00 NOTE
r-patched-linux-x86_64 0.3.1 10.24 109.38 119.62 NOTE
r-release-linux-x86_64 0.3.1 9.64 108.65 118.29 NOTE
r-release-macos-arm64 0.3.1 49.00 NOTE
r-release-macos-x86_64 0.3.1 69.00 NOTE
r-release-windows-x86_64 0.3.1 13.00 94.00 107.00 NOTE
r-oldrel-macos-arm64 0.3.1 45.00 NOTE
r-oldrel-macos-x86_64 0.3.1 83.00 NOTE
r-oldrel-windows-x86_64 0.3.1 18.00 117.00 135.00 NOTE

Check Details

Version: 0.3.1
Check: LazyData
Result: NOTE 'LazyData' is specified without a 'data' directory Flavors: r-devel-linux-x86_64-debian-clang, r-devel-linux-x86_64-debian-gcc, r-devel-linux-x86_64-fedora-clang, r-devel-linux-x86_64-fedora-gcc, r-devel-windows-x86_64, r-patched-linux-x86_64, r-release-linux-x86_64, r-release-macos-arm64, r-release-macos-x86_64, r-release-windows-x86_64, r-oldrel-macos-arm64, r-oldrel-macos-x86_64, r-oldrel-windows-x86_64