CRAN Package Check Results for Package EthSEQ

Last updated on 2024-06-18 05:57:36 CEST.

Flavor Version Tinstall Tcheck Ttotal Status Flags
r-devel-linux-x86_64-debian-clang 3.0.2 22.69 57.39 80.08 OK
r-devel-linux-x86_64-debian-gcc 3.0.2 16.11 43.07 59.18 OK
r-devel-linux-x86_64-fedora-clang 3.0.2 109.84 OK
r-devel-linux-x86_64-fedora-gcc 3.0.2 117.49 OK
r-devel-windows-x86_64 3.0.2 22.00 72.00 94.00 NOTE
r-patched-linux-x86_64 3.0.2 24.34 54.86 79.20 OK
r-release-linux-x86_64 3.0.2 20.66 55.38 76.04 OK
r-release-macos-arm64 3.0.2 46.00 OK
r-release-macos-x86_64 3.0.2 130.00 OK
r-release-windows-x86_64 3.0.2 21.00 95.00 116.00 NOTE
r-oldrel-macos-arm64 3.0.2 43.00 OK
r-oldrel-macos-x86_64 3.0.2 63.00 OK
r-oldrel-windows-x86_64 3.0.2 26.00 86.00 112.00 NOTE

Check Details

Version: 3.0.2
Check: installed package size
Result: NOTE installed size is 5.1Mb sub-directories of 1Mb or more: extdata 4.0Mb Flavors: r-devel-windows-x86_64, r-release-windows-x86_64, r-oldrel-windows-x86_64