CRAN Package Check Results for Package EviewsR

Last updated on 2024-06-14 06:53:32 CEST.

Flavor Version Tinstall Tcheck Ttotal Status Flags
r-devel-linux-x86_64-debian-clang 0.1.6 4.48 46.77 51.25 OK
r-devel-linux-x86_64-debian-gcc 0.1.6 3.77 35.40 39.17 OK
r-devel-linux-x86_64-fedora-clang 0.1.6 66.30 OK
r-devel-linux-x86_64-fedora-gcc 0.1.6 81.44 OK
r-devel-windows-x86_64 0.1.6 6.00 60.00 66.00 OK
r-patched-linux-x86_64 0.1.6 7.09 45.63 52.72 OK
r-release-linux-x86_64 0.1.6 6.09 44.91 51.00 OK
r-release-macos-arm64 0.1.6 29.00 OK
r-release-macos-x86_64 0.1.6 42.00 OK
r-release-windows-x86_64 0.1.6 6.00 49.00 55.00 FAIL
r-oldrel-macos-arm64 0.1.6 34.00 OK
r-oldrel-macos-x86_64 0.1.6 73.00 OK
r-oldrel-windows-x86_64 0.1.6 7.00 65.00 72.00 OK

Check Details

Version: 0.1.6
Check: loading without being on the library search path
Result: FAIL
Flavor: r-release-windows-x86_64