CRAN Package Check Results for Package ExpImage

Last updated on 2022-12-08 06:56:41 CET.

Flavor Version Tinstall Tcheck Ttotal Status Flags
r-devel-linux-x86_64-debian-clang 0.7.0 33.93 461.57 495.50 OK
r-devel-linux-x86_64-debian-gcc 0.7.0 28.23 355.55 383.78 OK
r-devel-linux-x86_64-fedora-clang 0.7.0 640.13 OK
r-devel-linux-x86_64-fedora-gcc 0.7.0 630.92 OK
r-devel-windows-x86_64 0.7.0 84.00 559.00 643.00 OK
r-patched-linux-x86_64 0.7.0 30.42 464.84 495.26 OK
r-release-linux-x86_64 0.7.0 30.62 390.54 421.16 OK
r-release-macos-arm64 0.7.0 105.00 NOTE
r-release-macos-x86_64 0.7.0 210.00 OK
r-release-windows-x86_64 0.7.0 74.00 528.00 602.00 OK
r-oldrel-macos-arm64 0.7.0 127.00 OK
r-oldrel-macos-x86_64 0.7.0 227.00 OK
r-oldrel-windows-ix86+x86_64 0.7.0 71.00 578.00 649.00 OK

Check Details

Version: 0.7.0
Check: installed package size
Result: NOTE
     installed size is 5.0Mb
     sub-directories of 1Mb or more:
     doc 3.4Mb
     images 1.1Mb
Flavor: r-release-macos-arm64