CRAN Package Check Results for Package FCSlib

Last updated on 2021-12-03 05:51:57 CET.

Flavor Version Tinstall Tcheck Ttotal Status Flags
r-devel-linux-x86_64-debian-clang 1.3.0 9.81 74.96 84.77 OK
r-devel-linux-x86_64-debian-gcc 1.3.0 8.27 55.73 64.00 OK
r-devel-linux-x86_64-fedora-clang 1.3.0 109.77 OK
r-devel-linux-x86_64-fedora-gcc 1.3.0 97.42 OK
r-devel-windows-x86_64-new-UL 1.3.0 22.00 116.00 138.00 OK
r-devel-windows-x86_64-new-TK 1.3.0 OK
r-devel-windows-x86_64-old 1.3.0 20.00 72.00 92.00 OK
r-patched-linux-x86_64 1.3.0 15.18 68.40 83.58 OK
r-patched-solaris-x86 1.3.0 137.20 NOTE
r-release-linux-x86_64 1.3.0 9.62 68.59 78.21 OK
r-release-macos-arm64 1.3.0 NOTE
r-release-macos-x86_64 1.3.0 OK
r-release-windows-ix86+x86_64 1.3.0 24.00 94.00 118.00 OK
r-oldrel-macos-x86_64 1.3.0 OK
r-oldrel-windows-ix86+x86_64 1.3.0 24.00 98.00 122.00 OK

Check Details

Version: 1.3.0
Check: installed package size
Result: NOTE
     installed size is 5.1Mb
     sub-directories of 1Mb or more:
     data 4.9Mb
Flavors: r-patched-solaris-x86, r-release-macos-arm64