CRAN Package Check Results for Package FFdownload

Last updated on 2024-06-16 06:58:46 CEST.

Flavor Version Tinstall Tcheck Ttotal Status Flags
r-devel-linux-x86_64-debian-clang 1.1.1 16.50 160.91 177.41 OK
r-devel-linux-x86_64-debian-gcc 1.1.1 11.73 120.30 132.03 OK
r-devel-linux-x86_64-fedora-clang 1.1.1 224.02 OK
r-devel-linux-x86_64-fedora-gcc 1.1.1 241.99 OK
r-devel-windows-x86_64 1.1.1 15.00 125.00 140.00 OK
r-patched-linux-x86_64 1.1.1 10.05 150.49 160.54 OK
r-release-linux-x86_64 1.1.1 10.22 150.26 160.48 OK
r-release-macos-arm64 1.1.1 65.00 OK
r-release-macos-x86_64 1.1.1 105.00 OK
r-release-windows-x86_64 1.1.1 15.00 149.00 164.00 WARN
r-oldrel-macos-arm64 1.1.1 77.00 OK
r-oldrel-macos-x86_64 1.1.1 146.00 OK
r-oldrel-windows-x86_64 1.1.1 20.00 156.00 176.00 OK

Check Details

Version: 1.1.1
Check: Rd cross-references
Result: WARN Fatal error: couldn't allocate node stack Flavor: r-release-windows-x86_64