CRAN Package Check Results for Package FIACH

Last updated on 2019-12-14 05:47:28 CET.

Flavor Version Tinstall Tcheck Ttotal Status Flags
r-devel-linux-x86_64-debian-clang 0.1.2 50.60 46.72 97.32 OK
r-devel-linux-x86_64-debian-gcc 0.1.2 35.64 36.23 71.87 OK
r-devel-linux-x86_64-fedora-clang 0.1.2 129.15 NOTE
r-devel-linux-x86_64-fedora-gcc 0.1.2 122.70 NOTE
r-devel-windows-ix86+x86_64 0.1.2 90.00 77.00 167.00 OK
r-devel-windows-ix86+x86_64-gcc8 0.1.2 91.00 111.00 202.00 OK
r-patched-linux-x86_64 0.1.2 38.08 44.11 82.19 OK
r-patched-solaris-x86 0.1.2 136.60 OK
r-release-linux-x86_64 0.1.2 37.59 43.57 81.16 OK
r-release-windows-ix86+x86_64 0.1.2 82.00 89.00 171.00 OK
r-release-osx-x86_64 0.1.2 FAIL
r-oldrel-windows-ix86+x86_64 0.1.2 73.00 76.00 149.00 OK
r-oldrel-osx-x86_64 0.1.2 OK

Check Details

Version: 0.1.2
Check: compiled code
Result: NOTE
    File ‘FIACH/libs/FIACH.so’:
     Found no calls to: ‘R_registerRoutines’, ‘R_useDynamicSymbols’
    
    It is good practice to register native routines and to disable symbol
    search.
    
    See ‘Writing portable packages’ in the ‘Writing R Extensions’ manual.
Flavors: r-devel-linux-x86_64-fedora-clang, r-devel-linux-x86_64-fedora-gcc

Version: 0.1.2
Check: whether package can be installed
Result: FAIL
Flavor: r-release-osx-x86_64