CRAN Package Check Results for Package FIACH

Last updated on 2019-08-22 05:46:59 CEST.

Flavor Version Tinstall Tcheck Ttotal Status Flags
r-devel-linux-x86_64-debian-clang 0.1.2 46.18 43.32 89.50 OK
r-devel-linux-x86_64-debian-gcc 0.1.2 35.10 34.95 70.05 OK
r-devel-linux-x86_64-fedora-clang 0.1.2 125.97 NOTE
r-devel-linux-x86_64-fedora-gcc 0.1.2 122.35 NOTE
r-devel-windows-ix86+x86_64 0.1.2 125.00 108.00 233.00 OK
r-patched-linux-x86_64 0.1.2 40.89 44.25 85.14 OK
r-patched-solaris-x86 0.1.2 136.00 OK
r-release-linux-x86_64 0.1.2 40.82 44.35 85.17 OK
r-release-windows-ix86+x86_64 0.1.2 119.00 107.00 226.00 OK
r-release-osx-x86_64 0.1.2 FAIL
r-oldrel-windows-ix86+x86_64 0.1.2 103.00 102.00 205.00 OK
r-oldrel-osx-x86_64 0.1.2 OK

Check Details

Version: 0.1.2
Check: compiled code
Result: NOTE
    File ‘FIACH/libs/FIACH.so’:
     Found no calls to: ‘R_registerRoutines’, ‘R_useDynamicSymbols’
    
    It is good practice to register native routines and to disable symbol
    search.
    
    See ‘Writing portable packages’ in the ‘Writing R Extensions’ manual.
Flavors: r-devel-linux-x86_64-fedora-clang, r-devel-linux-x86_64-fedora-gcc

Version: 0.1.2
Check: whether package can be installed
Result: FAIL
    
Flavor: r-release-osx-x86_64