CRAN Package Check Results for Package FMradio

Last updated on 2024-06-16 06:58:46 CEST.

Flavor Version Tinstall Tcheck Ttotal Status Flags
r-devel-linux-x86_64-debian-clang 1.1.1 13.03 117.52 130.55 NOTE
r-devel-linux-x86_64-debian-gcc 1.1.1 9.93 89.25 99.18 NOTE
r-devel-linux-x86_64-fedora-clang 1.1.1 159.90 NOTE
r-devel-linux-x86_64-fedora-gcc 1.1.1 149.48 NOTE
r-devel-windows-x86_64 1.1.1 11.00 103.00 114.00 NOTE
r-patched-linux-x86_64 1.1.1 10.78 113.35 124.13 NOTE
r-release-linux-x86_64 1.1.1 12.19 114.76 126.95 NOTE
r-release-macos-arm64 1.1.1 42.00 NOTE
r-release-macos-x86_64 1.1.1 71.00 NOTE
r-release-windows-x86_64 1.1.1 13.00 121.00 134.00 NOTE
r-oldrel-macos-arm64 1.1.1 51.00 OK
r-oldrel-macos-x86_64 1.1.1 74.00 OK
r-oldrel-windows-x86_64 1.1.1 15.00 127.00 142.00 OK

Check Details

Version: 1.1.1
Check: Rd files
Result: NOTE checkRd: (-1) autoFMradio.Rd:46: Lost braces; missing escapes or markup? 46 | Step 1 (regularized correlation matrix estimation) is performed using the \code{X}, \code{t}, and {fold} arguments. | ^ Flavors: r-devel-linux-x86_64-debian-clang, r-devel-linux-x86_64-debian-gcc, r-devel-linux-x86_64-fedora-clang, r-devel-linux-x86_64-fedora-gcc, r-devel-windows-x86_64, r-patched-linux-x86_64, r-release-linux-x86_64, r-release-macos-arm64, r-release-macos-x86_64, r-release-windows-x86_64