CRAN Package Check Results for Package FPDclustering

Last updated on 2019-08-25 05:46:48 CEST.

Flavor Version Tinstall Tcheck Ttotal Status Flags
r-devel-linux-x86_64-debian-clang 1.3 2.33 28.34 30.67 WARN
r-devel-linux-x86_64-debian-gcc 1.3.1 2.24 22.01 24.25 OK
r-devel-linux-x86_64-fedora-clang 1.3.1 36.59 OK
r-devel-linux-x86_64-fedora-gcc 1.3.1 35.70 OK
r-devel-windows-ix86+x86_64 1.3.1 11.00 63.00 74.00 OK
r-patched-linux-x86_64 1.3.1 2.21 27.73 29.94 OK
r-patched-solaris-x86 1.3.1 54.50 OK
r-release-linux-x86_64 1.3.1 2.27 27.93 30.20 OK
r-release-windows-ix86+x86_64 1.3 12.00 59.00 71.00 OK
r-release-osx-x86_64 1.3.1 OK
r-oldrel-windows-ix86+x86_64 1.3 7.00 53.00 60.00 OK
r-oldrel-osx-x86_64 1.3.1 OK

Check Details

Version: 1.3
Check: contents of ‘data’ directory
Result: WARN
    File 'data/datalist' contains malformed line(s):
     ''
Flavor: r-devel-linux-x86_64-debian-clang