CRAN Package Check Results for Package FPDclustering

Last updated on 2020-01-17 05:47:12 CET.

Flavor Version Tinstall Tcheck Ttotal Status Flags
r-devel-linux-x86_64-debian-clang 1.4 3.54 28.54 32.08 ERROR
r-devel-linux-x86_64-debian-gcc 1.4 2.67 22.66 25.33 ERROR
r-devel-linux-x86_64-fedora-clang 1.4 31.25 ERROR
r-devel-linux-x86_64-fedora-gcc 1.4 33.65 ERROR
r-devel-windows-ix86+x86_64 1.4 12.00 61.00 73.00 OK
r-devel-windows-ix86+x86_64-gcc8 1.4 8.00 47.00 55.00 OK
r-patched-linux-x86_64 1.4 2.35 26.28 28.63 ERROR
r-patched-solaris-x86 1.4 49.70 ERROR
r-release-linux-x86_64 1.4 2.58 26.26 28.84 ERROR
r-release-windows-ix86+x86_64 1.4 7.00 60.00 67.00 OK
r-release-osx-x86_64 1.4 OK
r-oldrel-windows-ix86+x86_64 1.4 6.00 55.00 61.00 OK
r-oldrel-osx-x86_64 1.4 OK

Check Details

Version: 1.4
Check: package dependencies
Result: NOTE
    Package suggested but not available for checking: 'DAAG'
Flavors: r-devel-linux-x86_64-debian-clang, r-devel-linux-x86_64-debian-gcc, r-devel-linux-x86_64-fedora-clang, r-devel-linux-x86_64-fedora-gcc, r-patched-linux-x86_64, r-patched-solaris-x86, r-release-linux-x86_64

Version: 1.4
Check: examples
Result: ERROR
    Running examples in 'FPDclustering-Ex.R' failed
    The error most likely occurred in:
    
    > base::assign(".ptime", proc.time(), pos = "CheckExEnv")
    > ### Name: GPDC
    > ### Title: Gaussian PD-Clustering
    > ### Aliases: GPDC
    >
    > ### ** Examples
    >
    > data(ais,package="DAAG")
    Error in find.package(package, lib.loc, verbose = verbose) :
     there is no package called 'DAAG'
    Calls: data -> find.package
    Execution halted
Flavors: r-devel-linux-x86_64-debian-clang, r-devel-linux-x86_64-debian-gcc, r-patched-linux-x86_64, r-release-linux-x86_64

Version: 1.4
Check: examples
Result: ERROR
    Running examples in ‘FPDclustering-Ex.R’ failed
    The error most likely occurred in:
    
    > ### Name: GPDC
    > ### Title: Gaussian PD-Clustering
    > ### Aliases: GPDC
    >
    > ### ** Examples
    >
    > data(ais,package="DAAG")
    Error in find.package(package, lib.loc, verbose = verbose) :
     there is no package called ‘DAAG’
    Calls: data -> find.package
    Execution halted
Flavors: r-devel-linux-x86_64-fedora-clang, r-devel-linux-x86_64-fedora-gcc, r-patched-solaris-x86