CRAN Package Check Results for Package FarmSelect

Last updated on 2022-08-15 05:49:20 CEST.

Flavor Version Tinstall Tcheck Ttotal Status Flags
r-devel-linux-x86_64-debian-clang 1.0.2 42.80 89.34 132.14 NOTE
r-devel-linux-x86_64-debian-gcc 1.0.2 30.36 66.82 97.18 NOTE
r-devel-linux-x86_64-fedora-clang 1.0.2 178.64 NOTE
r-devel-linux-x86_64-fedora-gcc 1.0.2 174.72 NOTE
r-devel-windows-x86_64 1.0.2 40.00 134.00 174.00 NOTE
r-patched-linux-x86_64 1.0.2 39.48 86.22 125.70 NOTE
r-release-linux-x86_64 1.0.2 33.27 87.86 121.13 NOTE
r-release-macos-arm64 1.0.2 53.00 NOTE
r-release-macos-x86_64 1.0.2 66.00 NOTE
r-release-windows-x86_64 1.0.2 44.00 134.00 178.00 NOTE
r-oldrel-macos-arm64 1.0.2 59.00 NOTE
r-oldrel-macos-x86_64 1.0.2 93.00 NOTE
r-oldrel-windows-ix86+x86_64 1.0.2 99.00 157.00 256.00 NOTE

Check Details

Version: 1.0.2
Check: LazyData
Result: NOTE
     'LazyData' is specified without a 'data' directory
Flavors: r-devel-linux-x86_64-debian-clang, r-devel-linux-x86_64-debian-gcc, r-devel-linux-x86_64-fedora-clang, r-devel-linux-x86_64-fedora-gcc, r-devel-windows-x86_64, r-patched-linux-x86_64, r-release-linux-x86_64, r-release-macos-arm64, r-release-macos-x86_64, r-release-windows-x86_64, r-oldrel-macos-arm64, r-oldrel-macos-x86_64, r-oldrel-windows-ix86+x86_64