CRAN Package Check Results for Package FateID

Last updated on 2020-06-04 05:49:00 CEST.

Flavor Version Tinstall Tcheck Ttotal Status Flags
r-devel-linux-x86_64-debian-clang 0.1.9 10.65 179.72 190.37 OK
r-devel-linux-x86_64-debian-gcc 0.1.9 7.46 136.62 144.08 OK
r-devel-linux-x86_64-fedora-clang 0.1.9 239.85 NOTE
r-devel-linux-x86_64-fedora-gcc 0.1.9 228.38 OK
r-devel-windows-ix86+x86_64 0.1.9 26.00 207.00 233.00 OK
r-patched-linux-x86_64 0.1.9 10.07 180.56 190.63 OK
r-patched-solaris-x86 0.1.9 367.60 NOTE
r-release-linux-x86_64 0.1.9 9.83 182.14 191.97 OK
r-release-osx-x86_64 0.1.9 WARN
r-release-windows-ix86+x86_64 0.1.9 20.00 212.00 232.00 OK
r-oldrel-osx-x86_64 0.1.9 WARN
r-oldrel-windows-ix86+x86_64 0.1.9 28.00 252.00 280.00 OK

Check Details

Version: 0.1.9
Check: installed package size
Result: NOTE
     installed size is 5.0Mb
     sub-directories of 1Mb or more:
     doc 4.4Mb
Flavors: r-devel-linux-x86_64-fedora-clang, r-patched-solaris-x86

Version: 0.1.9
Check: package dependencies
Result: NOTE
    Package suggested but not available for checking: ‘destiny’
Flavor: r-release-osx-x86_64

Version: 0.1.9
Check: re-building of vignette outputs
Result: WARN
    Error(s) in re-building vignettes:
     ...
    --- re-building ‘FateID.Rmd’ using rmarkdown
    Quitting from lines 141-142 (FateID.Rmd)
    Error: processing vignette 'FateID.Rmd' failed with diagnostics:
    there is no package called 'destiny'
    --- failed re-building ‘FateID.Rmd’
    
    SUMMARY: processing the following file failed:
     ‘FateID.Rmd’
    
    Error: Vignette re-building failed.
    Execution halted
Flavor: r-release-osx-x86_64

Version: 0.1.9
Check: package dependencies
Result: NOTE
    Packages suggested but not available for checking: 'DESeq2', 'destiny'
Flavor: r-oldrel-osx-x86_64

Version: 0.1.9
Check: re-building of vignette outputs
Result: WARN
    Error(s) in re-building vignettes:
     ...
    --- re-building ‘FateID.Rmd’ using rmarkdown
    Warning in engine$weave(file, quiet = quiet, encoding = enc) :
     Pandoc (>= 1.12.3) and/or pandoc-citeproc not available. Falling back to R Markdown v1.
    Quitting from lines 141-142 (FateID.Rmd)
    Error: processing vignette 'FateID.Rmd' failed with diagnostics:
    there is no package called 'destiny'
    --- failed re-building ‘FateID.Rmd’
    
    SUMMARY: processing the following file failed:
     ‘FateID.Rmd’
    
    Error: Vignette re-building failed.
    Execution halted
Flavor: r-oldrel-osx-x86_64