Last updated on 2022-05-20 05:54:28 CEST.
Flavor | Version | Tinstall | Tcheck | Ttotal | Status | Flags |
---|---|---|---|---|---|---|
r-devel-linux-x86_64-debian-clang | 1.0.1 | 34.94 | 45.06 | 80.00 | OK | |
r-devel-linux-x86_64-debian-gcc | 1.0.1 | 28.38 | 35.12 | 63.50 | OK | |
r-devel-linux-x86_64-fedora-clang | 1.0.1 | 111.27 | OK | |||
r-devel-linux-x86_64-fedora-gcc | 1.0.1 | 103.44 | OK | |||
r-devel-windows-x86_64 | 1.0.1 | 43.00 | 77.00 | 120.00 | OK | |
r-patched-linux-x86_64 | 1.0.1 | 31.84 | 45.86 | 77.70 | OK | |
r-release-linux-x86_64 | 1.0.1 | 28.98 | 45.07 | 74.05 | OK | |
r-release-macos-arm64 | 1.0.1 | 36.00 | OK | |||
r-release-macos-x86_64 | 1.0.1 | 47.00 | OK | |||
r-release-windows-x86_64 | 1.0.1 | 45.00 | 80.00 | 125.00 | OK | |
r-oldrel-macos-arm64 | 1.0.1 | 61.00 | NOTE | |||
r-oldrel-macos-x86_64 | 1.0.1 | 48.00 | OK | |||
r-oldrel-windows-ix86+x86_64 | 1.0.1 | 79.00 | 86.00 | 165.00 | OK |
Version: 1.0.1
Check: installed package size
Result: NOTE
installed size is 5.2Mb
sub-directories of 1Mb or more:
data 2.1Mb
libs 3.0Mb
Flavor: r-oldrel-macos-arm64