CRAN Package Check Results for Package FinancialInstrument

Last updated on 2024-06-13 06:58:01 CEST.

Flavor Version Tinstall Tcheck Ttotal Status Flags
r-devel-linux-x86_64-debian-clang 1.3.1 12.78 68.68 81.46 OK
r-devel-linux-x86_64-debian-gcc 1.3.1 8.59 50.48 59.07 ERROR
r-devel-linux-x86_64-fedora-clang 1.3.1 100.90 OK
r-devel-linux-x86_64-fedora-gcc 1.3.1 102.51 OK
r-devel-windows-x86_64 1.3.1 9.00 78.00 87.00 OK
r-patched-linux-x86_64 1.3.1 14.43 66.42 80.85 OK
r-release-linux-x86_64 1.3.1 7.69 66.98 74.67 OK
r-release-macos-arm64 1.3.1 29.00 OK
r-release-macos-x86_64 1.3.1 58.00 OK
r-release-windows-x86_64 1.3.1 10.00 86.00 96.00 OK
r-oldrel-macos-arm64 1.3.1 32.00 OK
r-oldrel-macos-x86_64 1.3.1 49.00 OK
r-oldrel-windows-x86_64 1.3.1 12.00 90.00 102.00 OK

Check Details

Version: 1.3.1
Check: package dependencies
Result: NOTE Package suggested but not available for checking: ‘testthat’ Flavor: r-devel-linux-x86_64-debian-gcc

Version: 1.3.1
Check: tests
Result: ERROR Running ‘test-all.R’ [0s/1s] Running the tests in ‘tests/test-all.R’ failed. Complete output: > library(testthat) Error in library(testthat) : there is no package called 'testthat' Execution halted Flavor: r-devel-linux-x86_64-debian-gcc