CRAN Package Check Results for Package FisHiCal

Last updated on 2020-01-17 05:47:12 CET.

Flavor Version Tinstall Tcheck Ttotal Status Flags
r-devel-linux-x86_64-debian-clang 1.1 26.37 31.96 58.33 NOTE
r-devel-linux-x86_64-debian-gcc 1.1 17.32 25.81 43.13 NOTE
r-devel-linux-x86_64-fedora-clang 1.1 75.87 NOTE
r-devel-linux-x86_64-fedora-gcc 1.1 75.14 NOTE
r-devel-windows-ix86+x86_64 1.1 72.00 90.00 162.00 NOTE
r-devel-windows-ix86+x86_64-gcc8 1.1 50.00 74.00 124.00 NOTE
r-patched-linux-x86_64 1.1 20.31 29.86 50.17 NOTE
r-patched-solaris-x86 1.1 88.80 NOTE
r-release-linux-x86_64 1.1 20.01 29.80 49.81 NOTE
r-release-windows-ix86+x86_64 1.1 70.00 89.00 159.00 NOTE
r-release-osx-x86_64 1.1 FAIL
r-oldrel-windows-ix86+x86_64 1.1 51.00 62.00 113.00 NOTE
r-oldrel-osx-x86_64 1.1 NOTE

Check Details

Version: 1.1
Check: R code for possible problems
Result: NOTE
    lsmacof: no visible global function definition for 'cmdscale'
    plotInc: no visible global function definition for 'rainbow'
    plotInc: no visible global function definition for 'plot'
    prepareCalib: no visible global function definition for 'lm'
    Undefined global functions or variables:
     cmdscale lm plot rainbow
    Consider adding
     importFrom("grDevices", "rainbow")
     importFrom("graphics", "plot")
     importFrom("stats", "cmdscale", "lm")
    to your NAMESPACE file.
Flavors: r-devel-linux-x86_64-debian-clang, r-devel-linux-x86_64-debian-gcc, r-devel-linux-x86_64-fedora-clang, r-devel-linux-x86_64-fedora-gcc, r-devel-windows-ix86+x86_64, r-devel-windows-ix86+x86_64-gcc8, r-patched-linux-x86_64, r-patched-solaris-x86, r-release-linux-x86_64, r-release-windows-ix86+x86_64, r-release-osx-x86_64, r-oldrel-windows-ix86+x86_64, r-oldrel-osx-x86_64

Version: 1.1
Check: compiled code
Result: NOTE
    File ‘FisHiCal/libs/FisHiCal.so’:
     Found no calls to: ‘R_registerRoutines’, ‘R_useDynamicSymbols’
    
    It is good practice to register native routines and to disable symbol
    search.
    
    See ‘Writing portable packages’ in the ‘Writing R Extensions’ manual.
Flavors: r-devel-linux-x86_64-fedora-clang, r-devel-linux-x86_64-fedora-gcc

Version: 1.1
Check: examples
Result: FAIL
Flavor: r-release-osx-x86_64