CRAN Package Check Results for Package FisHiCal

Last updated on 2019-08-25 05:46:47 CEST.

Flavor Version Tinstall Tcheck Ttotal Status Flags
r-devel-linux-x86_64-debian-clang 1.1 21.02 31.31 52.33 NOTE
r-devel-linux-x86_64-debian-gcc 1.1 17.46 24.77 42.23 NOTE
r-devel-linux-x86_64-fedora-clang 1.1 73.86 NOTE
r-devel-linux-x86_64-fedora-gcc 1.1 71.99 NOTE
r-devel-windows-ix86+x86_64 1.1 39.00 95.00 134.00 NOTE
r-patched-linux-x86_64 1.1 20.16 30.63 50.79 NOTE
r-patched-solaris-x86 1.1 93.30 NOTE
r-release-linux-x86_64 1.1 20.37 30.67 51.04 NOTE
r-release-windows-ix86+x86_64 1.1 56.00 94.00 150.00 NOTE
r-release-osx-x86_64 1.1 NOTE
r-oldrel-windows-ix86+x86_64 1.1 55.00 82.00 137.00 NOTE
r-oldrel-osx-x86_64 1.1 NOTE

Check Details

Version: 1.1
Check: R code for possible problems
Result: NOTE
    lsmacof: no visible global function definition for 'cmdscale'
    plotInc: no visible global function definition for 'rainbow'
    plotInc: no visible global function definition for 'plot'
    prepareCalib: no visible global function definition for 'lm'
    Undefined global functions or variables:
     cmdscale lm plot rainbow
    Consider adding
     importFrom("grDevices", "rainbow")
     importFrom("graphics", "plot")
     importFrom("stats", "cmdscale", "lm")
    to your NAMESPACE file.
Flavors: r-devel-linux-x86_64-debian-clang, r-devel-linux-x86_64-debian-gcc, r-devel-linux-x86_64-fedora-clang, r-devel-linux-x86_64-fedora-gcc, r-devel-windows-ix86+x86_64, r-patched-linux-x86_64, r-patched-solaris-x86, r-release-linux-x86_64, r-release-windows-ix86+x86_64, r-release-osx-x86_64, r-oldrel-windows-ix86+x86_64, r-oldrel-osx-x86_64

Version: 1.1
Check: compiled code
Result: NOTE
    File ‘FisHiCal/libs/FisHiCal.so’:
     Found no calls to: ‘R_registerRoutines’, ‘R_useDynamicSymbols’
    
    It is good practice to register native routines and to disable symbol
    search.
    
    See ‘Writing portable packages’ in the ‘Writing R Extensions’ manual.
Flavors: r-devel-linux-x86_64-fedora-clang, r-devel-linux-x86_64-fedora-gcc

Version: 1.1
Check: examples
Result: FAIL
    
Flavor: r-release-osx-x86_64