CRAN Package Check Results for Package FishResp

Last updated on 2020-06-04 05:49:00 CEST.

Flavor Version Tinstall Tcheck Ttotal Status Flags
r-devel-linux-x86_64-debian-clang 1.0.3 16.82 105.66 122.48 NOTE
r-devel-linux-x86_64-debian-gcc 1.0.3 13.45 79.24 92.69 NOTE
r-devel-linux-x86_64-fedora-clang 1.0.3 159.03 NOTE
r-devel-linux-x86_64-fedora-gcc 1.0.3 147.92 NOTE
r-devel-windows-ix86+x86_64 1.0.3 44.00 115.00 159.00 OK
r-patched-linux-x86_64 1.0.3 16.98 104.46 121.44 NOTE
r-patched-solaris-x86 1.0.3 175.30 NOTE
r-release-linux-x86_64 1.0.3 15.26 104.98 120.24 NOTE
r-release-osx-x86_64 1.0.3 OK
r-release-windows-ix86+x86_64 1.0.3 27.00 126.00 153.00 OK
r-oldrel-osx-x86_64 1.0.3 OK
r-oldrel-windows-ix86+x86_64 1.0.3 36.00 101.00 137.00 OK

Check Details

Version: 1.0.3
Check: for non-standard things in the check directory
Result: NOTE
    Found the following files/directories:
     'converted_AMR_raw.txt' 'converted_SMR_raw.txt' 'fishresp.txt'
     'results.txt'
Flavors: r-devel-linux-x86_64-debian-clang, r-devel-linux-x86_64-debian-gcc, r-devel-linux-x86_64-fedora-clang, r-devel-linux-x86_64-fedora-gcc, r-patched-linux-x86_64, r-patched-solaris-x86, r-release-linux-x86_64