CRAN Package Check Results for Package FloodMapper

Last updated on 2019-09-15 05:46:14 CEST.

Flavor Version Tinstall Tcheck Ttotal Status Flags
r-devel-linux-x86_64-debian-clang 1.0 9.10 73.13 82.23 OK
r-devel-linux-x86_64-debian-gcc 1.0 8.07 59.60 67.67 OK
r-devel-linux-x86_64-fedora-clang 1.0 99.32 NOTE
r-devel-linux-x86_64-fedora-gcc 1.0 97.05 NOTE
r-devel-windows-ix86+x86_64 1.0 24.00 111.00 135.00 OK
r-patched-linux-x86_64 1.0 8.55 72.22 80.77 OK
r-patched-solaris-x86 1.0 146.40 NOTE
r-release-linux-x86_64 1.0 9.15 72.15 81.30 OK
r-release-windows-ix86+x86_64 1.0 19.00 77.00 96.00 OK
r-release-osx-x86_64 1.0 NOTE
r-oldrel-windows-ix86+x86_64 1.0 13.00 77.00 90.00 OK
r-oldrel-osx-x86_64 1.0 NOTE

Check Details

Version: 1.0
Check: dependencies in R code
Result: NOTE
    Namespace in Imports field not imported from: ‘rgdal’
     All declared Imports should be used.
Flavors: r-devel-linux-x86_64-fedora-clang, r-devel-linux-x86_64-fedora-gcc, r-patched-solaris-x86, r-release-osx-x86_64, r-oldrel-osx-x86_64