CRAN Package Check Results for Package FloodMapper

Last updated on 2019-06-20 05:48:25 CEST.

Flavor Version Tinstall Tcheck Ttotal Status Flags
r-devel-linux-x86_64-debian-clang 1.0 9.68 73.02 82.70 OK
r-devel-linux-x86_64-debian-gcc 1.0 8.23 58.51 66.74 OK
r-devel-linux-x86_64-fedora-clang 1.0 98.11 NOTE
r-devel-linux-x86_64-fedora-gcc 1.0 95.41 NOTE
r-devel-windows-ix86+x86_64 1.0 22.00 104.00 126.00 OK
r-patched-linux-x86_64 1.0 10.54 72.30 82.84 OK
r-patched-solaris-x86 1.0 153.30 NOTE
r-release-linux-x86_64 1.0 8.77 73.05 81.82 OK
r-release-windows-ix86+x86_64 1.0 22.00 114.00 136.00 OK
r-release-osx-x86_64 1.0 NOTE
r-oldrel-windows-ix86+x86_64 1.0 10.00 103.00 113.00 OK
r-oldrel-osx-x86_64 1.0 NOTE

Check Details

Version: 1.0
Check: dependencies in R code
Result: NOTE
    Namespace in Imports field not imported from: ‘rgdal’
     All declared Imports should be used.
Flavors: r-devel-linux-x86_64-fedora-clang, r-devel-linux-x86_64-fedora-gcc, r-patched-solaris-x86, r-release-osx-x86_64, r-oldrel-osx-x86_64