CRAN Package Check Results for Package Formula

Last updated on 2021-12-01 05:59:26 CET.

Flavor Version Tinstall Tcheck Ttotal Status Flags
r-devel-linux-x86_64-debian-clang 1.2-4 2.05 34.77 36.82 OK
r-devel-linux-x86_64-debian-gcc 1.2-4 1.82 30.42 32.24 OK
r-devel-linux-x86_64-fedora-clang 1.2-4 59.35 OK
r-devel-linux-x86_64-fedora-gcc 1.2-4 47.58 OK
r-devel-windows-x86_64-new-UL 1.2-4 7.00 105.00 112.00 NOTE
r-devel-windows-x86_64-new-TK 1.2-4 OK
r-devel-windows-x86_64-old 1.2-4 4.00 41.00 45.00 OK
r-patched-linux-x86_64 1.2-4 2.28 34.01 36.29 OK
r-patched-solaris-x86 1.2-4 72.00 OK
r-release-linux-x86_64 1.2-4 2.12 33.87 35.99 OK
r-release-macos-arm64 1.2-4 OK
r-release-macos-x86_64 1.2-4 OK
r-release-windows-ix86+x86_64 1.2-4 6.00 54.00 60.00 OK
r-oldrel-macos-x86_64 1.2-4 OK
r-oldrel-windows-ix86+x86_64 1.2-4 8.00 39.00 47.00 OK

Check Details

Version: 1.2-4
Check: running R code from vignettes
Result: NOTE
     'Formula.Rnw'... [1s] NOTE
    differences from 'Formula.Rout.save'
    109c109
    < ~y1 + y2 + log(y3) + x1 + I(x2^2) + 0 + log(x1) + x3/x4
    ---
    > ~y1 + y2 + log(y3) + (x1 + I(x2^2)) + (0 + log(x1)) + x3/x4
    134c134
    < ~y1 + y2 + log(y3) + x1 + I(x2^2) + 0 + log(x1) + x3/x4
    ---
    > ~y1 + y2 + log(y3) + (x1 + I(x2^2)) + (0 + log(x1)) + x3/x4
Flavor: r-devel-windows-x86_64-new-UL