CRAN Package Check Results for Package FracKrigingR

Last updated on 2024-07-21 06:52:08 CEST.

Flavor Version Tinstall Tcheck Ttotal Status Flags
r-devel-linux-x86_64-debian-clang 1.0.0 2.15 36.46 38.61 OK
r-devel-linux-x86_64-debian-gcc 1.0.0 1.80 25.02 26.82 OK
r-devel-linux-x86_64-fedora-clang 1.0.0 48.80 NOTE
r-devel-linux-x86_64-fedora-gcc 1.0.0 45.41 NOTE
r-devel-windows-x86_64 1.0.0 3.00 46.00 49.00 OK
r-patched-linux-x86_64 1.0.0 2.34 34.62 36.96 OK
r-release-linux-x86_64 1.0.0 1.49 33.73 35.22 OK
r-release-macos-arm64 1.0.0 17.00 OK
r-release-macos-x86_64 1.0.0 25.00 OK
r-release-windows-x86_64 1.0.0 3.00 46.00 49.00 OK
r-oldrel-macos-arm64 1.0.0 18.00 OK
r-oldrel-macos-x86_64 1.0.0 23.00 OK
r-oldrel-windows-x86_64 1.0.0 4.00 52.00 56.00 OK

Check Details

Version: 1.0.0
Check: dependencies in R code
Result: NOTE Namespace in Imports field not imported from: ‘psych’ All declared Imports should be used. Flavors: r-devel-linux-x86_64-fedora-clang, r-devel-linux-x86_64-fedora-gcc