CRAN Package Check Results for Package FuzzyAHP

Last updated on 2022-07-05 05:52:52 CEST.

Flavor Version Tinstall Tcheck Ttotal Status Flags
r-devel-linux-x86_64-debian-clang 0.9.5 6.12 39.88 46.00 NOTE
r-devel-linux-x86_64-debian-gcc 0.9.5 5.56 30.70 36.26 NOTE
r-devel-linux-x86_64-fedora-clang 0.9.5 67.98 NOTE
r-devel-linux-x86_64-fedora-gcc 0.9.5 67.02 NOTE
r-devel-windows-x86_64 0.9.5 106.00 81.00 187.00 NOTE
r-patched-linux-x86_64 0.9.5 6.62 38.55 45.17 NOTE
r-release-linux-x86_64 0.9.5 6.47 37.90 44.37 NOTE
r-release-macos-arm64 0.9.5 24.00 NOTE
r-release-macos-x86_64 0.9.5 32.00 NOTE
r-release-windows-x86_64 0.9.5 84.00 75.00 159.00 NOTE
r-oldrel-macos-arm64 0.9.5 25.00 NOTE
r-oldrel-macos-x86_64 0.9.5 43.00 NOTE
r-oldrel-windows-ix86+x86_64 0.9.5 12.00 51.00 63.00 NOTE

Check Details

Version: 0.9.5
Check: LazyData
Result: NOTE
     'LazyData' is specified without a 'data' directory
Flavors: r-devel-linux-x86_64-debian-clang, r-devel-linux-x86_64-debian-gcc, r-devel-linux-x86_64-fedora-clang, r-devel-linux-x86_64-fedora-gcc, r-devel-windows-x86_64, r-patched-linux-x86_64, r-release-linux-x86_64, r-release-macos-arm64, r-release-macos-x86_64, r-release-windows-x86_64, r-oldrel-macos-arm64, r-oldrel-macos-x86_64, r-oldrel-windows-ix86+x86_64