CRAN Package Check Results for Package GA

Last updated on 2021-04-11 05:47:55 CEST.

Flavor Version Tinstall Tcheck Ttotal Status Flags
r-devel-linux-x86_64-debian-clang 3.2 55.13 81.31 136.44 NOTE
r-devel-linux-x86_64-debian-gcc 3.2 36.27 59.66 95.93 NOTE
r-devel-linux-x86_64-fedora-clang 3.2 178.12 NOTE
r-devel-linux-x86_64-fedora-gcc 3.2 169.98 NOTE
r-devel-windows-ix86+x86_64 3.2 92.00 102.00 194.00 NOTE
r-devel-windows-x86_64-gcc10-UCRT 3.2 NOTE
r-patched-linux-x86_64 3.2 41.32 76.28 117.60 OK
r-patched-solaris-x86 3.2 186.00 OK
r-release-linux-x86_64 3.2 44.57 77.20 121.77 OK
r-release-macos-x86_64 3.2 NOTE
r-release-windows-ix86+x86_64 3.2 82.00 138.00 220.00 OK
r-oldrel-macos-x86_64 3.2 NOTE
r-oldrel-windows-ix86+x86_64 3.2 100.00 129.00 229.00 OK

Check Details

Version: 3.2
Check: LazyData
Result: NOTE
     'LazyData' is specified without a 'data' directory
Flavors: r-devel-linux-x86_64-debian-clang, r-devel-linux-x86_64-debian-gcc, r-devel-linux-x86_64-fedora-clang, r-devel-linux-x86_64-fedora-gcc, r-devel-windows-ix86+x86_64, r-devel-windows-x86_64-gcc10-UCRT

Version: 3.2
Check: installed package size
Result: NOTE
     installed size is 6.4Mb
     sub-directories of 1Mb or more:
     doc 1.7Mb
     libs 4.2Mb
Flavors: r-devel-linux-x86_64-fedora-clang, r-release-macos-x86_64, r-oldrel-macos-x86_64