CRAN Package Check Results for Package GAparsimony

Last updated on 2024-06-14 06:53:33 CEST.

Flavor Version Tinstall Tcheck Ttotal Status Flags
r-devel-linux-x86_64-debian-clang 0.9.5 5.07 33.21 38.28 OK
r-devel-linux-x86_64-debian-gcc 0.9.5 3.79 25.79 29.58 OK
r-devel-linux-x86_64-fedora-clang 0.9.5 48.99 OK
r-devel-linux-x86_64-fedora-gcc 0.9.5 45.62 OK
r-devel-windows-x86_64 0.9.5 5.00 48.00 53.00 OK
r-patched-linux-x86_64 0.9.5 4.51 32.53 37.04 OK
r-release-linux-x86_64 0.9.5 3.94 33.54 37.48 OK
r-release-macos-arm64 0.9.5 18.00 OK
r-release-macos-x86_64 0.9.5 34.00 OK
r-release-windows-x86_64 0.9.5 4.00 41.00 45.00 ERROR
r-oldrel-macos-arm64 0.9.5 21.00 OK
r-oldrel-macos-x86_64 0.9.5 27.00 NOTE
r-oldrel-windows-x86_64 0.9.5 6.00 52.00 58.00 OK

Check Details

Version: 0.9.5
Check: PDF version of manual
Result: WARN LaTeX errors when creating PDF version. This typically indicates Rd problems. LaTeX errors found: Flavor: r-release-windows-x86_64

Version: 0.9.5
Check: PDF version of manual without index
Result: ERROR Re-running with no redirection of stdout/stderr. Flavor: r-release-windows-x86_64

Version: 0.9.5
Check: package dependencies
Result: NOTE Package suggested but not available for checking: ‘caret’ Flavor: r-oldrel-macos-x86_64