CRAN Package Check Results for Package GGEBiplotGUI

Last updated on 2019-08-24 05:46:58 CEST.

Flavor Version Tinstall Tcheck Ttotal Status Flags
r-devel-linux-x86_64-debian-clang 1.0-9 6.63 37.90 44.53 OK
r-devel-linux-x86_64-debian-gcc 1.0-9 4.87 30.62 35.49 OK
r-devel-linux-x86_64-fedora-clang 1.0-9 55.27 OK
r-devel-linux-x86_64-fedora-gcc 1.0-9 53.36 OK
r-devel-windows-ix86+x86_64 1.0-9 14.00 50.00 64.00 OK
r-patched-linux-x86_64 1.0-9 5.36 38.84 44.20 OK
r-patched-solaris-x86 1.0-9 82.70 OK
r-release-linux-x86_64 1.0-9 6.33 38.53 44.86 OK
r-release-windows-ix86+x86_64 1.0-9 12.00 78.00 90.00 OK
r-release-osx-x86_64 1.0-9 ERROR
r-oldrel-windows-ix86+x86_64 1.0-9 10.00 79.00 89.00 OK
r-oldrel-osx-x86_64 1.0-9 ERROR

Check Details

Version: 1.0-9
Check: whether package can be installed
Result: WARN
    Found the following significant warnings:
     Warning: 'rgl_init' failed, running with rgl.useNULL = TRUE
     Warning: loading Rplot failed
Flavor: r-release-osx-x86_64

Version: 1.0-9
Check: examples
Result: ERROR
    Running examples in ‘GGEBiplotGUI-Ex.R’ failed
    The error most likely occurred in:
    
    > ### Name: GGEBiplot
    > ### Title: GGEBiplotGUI: Interactive GGE Biplots in R
    > ### Aliases: GGEBiplot
    >
    > ### ** Examples
    >
    > data(Ontario)
    > GGEBiplot(Data = Ontario)
    Warning in tclRequire("BWidget") : Tcl package 'BWidget' not found
    Error in structure(.External(.C_dotTclObjv, objv), class = "tclObj") :
     [tcl] invalid command name "toplevel".
    Calls: GGEBiplot ... tktoplevel -> tkwidget -> tcl -> .Tcl.objv -> structure
    Execution halted
Flavor: r-release-osx-x86_64

Version: 1.0-9
Check: examples
Result: ERROR
    Running examples in ‘GGEBiplotGUI-Ex.R’ failed
    The error most likely occurred in:
    
    > ### Name: GGEBiplot
    > ### Title: GGEBiplotGUI: Interactive GGE Biplots in R
    > ### Aliases: GGEBiplot
    >
    > ### ** Examples
    >
    > data(Ontario)
    > GGEBiplot(Data = Ontario)
    Warning in tclRequire("BWidget") : Tcl package 'BWidget' not found
    Error in structure(.External(.C_dotTclObjv, objv), class = "tclObj") :
     [tcl] invalid command name "ComboBox".
    Calls: GGEBiplot -> tkwidget -> tcl -> .Tcl.objv -> structure
    Execution halted
Flavor: r-oldrel-osx-x86_64