CRAN Package Check Results for Package GGEBiplotGUI

Last updated on 2020-01-19 05:47:07 CET.

Flavor Version Tinstall Tcheck Ttotal Status Flags
r-devel-linux-x86_64-debian-clang 1.0-9 7.12 41.24 48.36 OK
r-devel-linux-x86_64-debian-gcc 1.0-9 5.35 33.47 38.82 OK
r-devel-linux-x86_64-fedora-clang 1.0-9 60.19 OK
r-devel-linux-x86_64-fedora-gcc 1.0-9 59.35 OK
r-devel-windows-ix86+x86_64 1.0-9 23.00 89.00 112.00 OK
r-devel-windows-ix86+x86_64-gcc8 1.0-9 15.00 53.00 68.00 OK
r-patched-linux-x86_64 1.0-9 5.99 38.83 44.82 OK
r-patched-solaris-x86 1.0-9 88.10 OK
r-release-linux-x86_64 1.0-9 6.45 38.75 45.20 OK
r-release-windows-ix86+x86_64 1.0-9 17.00 74.00 91.00 OK
r-release-osx-x86_64 1.0-9 ERROR
r-oldrel-windows-ix86+x86_64 1.0-9 11.00 56.00 67.00 OK
r-oldrel-osx-x86_64 1.0-9 ERROR

Check Details

Version: 1.0-9
Check: whether package can be installed
Result: WARN
    Found the following significant warnings:
     Warning: 'rgl_init' failed, running with rgl.useNULL = TRUE
     Warning: loading Rplot failed
Flavor: r-release-osx-x86_64

Version: 1.0-9
Check: examples
Result: ERROR
    Running examples in ‘GGEBiplotGUI-Ex.R’ failed
    The error most likely occurred in:
    
    > ### Name: GGEBiplot
    > ### Title: GGEBiplotGUI: Interactive GGE Biplots in R
    > ### Aliases: GGEBiplot
    >
    > ### ** Examples
    >
    > data(Ontario)
    > GGEBiplot(Data = Ontario)
    Warning in tclRequire("BWidget") : Tcl package 'BWidget' not found
    Error in structure(.External(.C_dotTclObjv, objv), class = "tclObj") :
     [tcl] invalid command name "toplevel".
    Calls: GGEBiplot ... tktoplevel -> tkwidget -> tcl -> .Tcl.objv -> structure
    Execution halted
Flavor: r-release-osx-x86_64

Version: 1.0-9
Check: examples
Result: ERROR
    Running examples in ‘GGEBiplotGUI-Ex.R’ failed
    The error most likely occurred in:
    
    > ### Name: GGEBiplot
    > ### Title: GGEBiplotGUI: Interactive GGE Biplots in R
    > ### Aliases: GGEBiplot
    >
    > ### ** Examples
    >
    > data(Ontario)
    > GGEBiplot(Data = Ontario)
    Warning in tclRequire("BWidget") : Tcl package 'BWidget' not found
    Error in structure(.External(.C_dotTclObjv, objv), class = "tclObj") :
     [tcl] invalid command name "ComboBox".
    Calls: GGEBiplot -> tkwidget -> tcl -> .Tcl.objv -> structure
    Execution halted
Flavor: r-oldrel-osx-x86_64