CRAN Package Check Results for Package GHQp

Last updated on 2020-04-08 05:47:20 CEST.

Flavor Version Tinstall Tcheck Ttotal Status Flags
r-devel-linux-x86_64-debian-clang 1.0 1.67 18.07 19.74 NOTE
r-devel-linux-x86_64-debian-gcc 1.0 1.56 14.46 16.02 NOTE
r-devel-linux-x86_64-fedora-clang 1.0 24.54 NOTE
r-devel-linux-x86_64-fedora-gcc 1.0 24.72 NOTE
r-devel-windows-ix86+x86_64 1.0 5.00 44.00 49.00 NOTE
r-devel-windows-ix86+x86_64-gcc8 1.0 4.00 31.00 35.00 NOTE
r-patched-linux-x86_64 1.0 1.66 17.74 19.40 NOTE
r-patched-solaris-x86 1.0 39.50 NOTE
r-release-linux-x86_64 1.0 1.36 16.44 17.80 NOTE
r-release-windows-ix86+x86_64 1.0 4.00 42.00 46.00 NOTE
r-release-osx-x86_64 1.0 NOTE
r-oldrel-windows-ix86+x86_64 1.0 5.00 29.00 34.00 NOTE
r-oldrel-osx-x86_64 1.0 NOTE

Check Details

Version: 1.0
Check: package namespace information
Result: NOTE
     Namespace with empty importFrom: 'statmod'
Flavors: r-devel-linux-x86_64-debian-clang, r-devel-linux-x86_64-debian-gcc, r-devel-linux-x86_64-fedora-clang, r-devel-linux-x86_64-fedora-gcc, r-devel-windows-ix86+x86_64, r-devel-windows-ix86+x86_64-gcc8, r-patched-linux-x86_64, r-patched-solaris-x86, r-release-linux-x86_64, r-release-windows-ix86+x86_64, r-release-osx-x86_64, r-oldrel-windows-ix86+x86_64, r-oldrel-osx-x86_64

Version: 1.0
Check: DESCRIPTION meta-information
Result: NOTE
    Malformed Title field: should not end in a period.
Flavors: r-devel-linux-x86_64-debian-clang, r-devel-linux-x86_64-debian-gcc, r-devel-linux-x86_64-fedora-clang, r-devel-linux-x86_64-fedora-gcc, r-devel-windows-ix86+x86_64, r-devel-windows-ix86+x86_64-gcc8, r-patched-linux-x86_64, r-patched-solaris-x86, r-release-linux-x86_64, r-release-windows-ix86+x86_64, r-release-osx-x86_64, r-oldrel-windows-ix86+x86_64, r-oldrel-osx-x86_64