CRAN Package Check Results for Package GHap

Last updated on 2022-01-26 05:54:17 CET.

Flavor Version Tinstall Tcheck Ttotal Status Flags
r-devel-linux-x86_64-debian-clang 2.0.0 13.50 115.41 128.91 OK
r-devel-linux-x86_64-debian-gcc 2.0.0 11.47 86.24 97.71 OK
r-devel-linux-x86_64-fedora-clang 2.0.0 154.08 NOTE
r-devel-linux-x86_64-fedora-gcc 2.0.0 143.49 NOTE
r-devel-windows-x86_64-new-UL 2.0.0 46.00 134.00 180.00 OK
r-devel-windows-x86_64-new-TK 2.0.0 ERROR
r-patched-linux-x86_64 2.0.0 14.97 103.95 118.92 OK
r-release-linux-x86_64 2.0.0 11.53 104.68 116.21 OK
r-release-macos-arm64 2.0.0 NOTE
r-release-macos-x86_64 2.0.0 NOTE
r-release-windows-ix86+x86_64 2.0.0 27.00 124.00 151.00 OK
r-oldrel-macos-x86_64 2.0.0 NOTE
r-oldrel-windows-ix86+x86_64 2.0.0 28.00 123.00 151.00 OK

Check Details

Version: 2.0.0
Check: dependencies in R code
Result: NOTE
    Namespace in Imports field not imported from: ‘class’
     All declared Imports should be used.
Flavors: r-devel-linux-x86_64-fedora-clang, r-devel-linux-x86_64-fedora-gcc, r-release-macos-arm64, r-release-macos-x86_64, r-oldrel-macos-x86_64

Version: 2.0.0
Check: package dependencies
Result: ERROR
    Package required but not available: 'lme4'
    
    See section 'The DESCRIPTION file' in the 'Writing R Extensions'
    manual.
Flavor: r-devel-windows-x86_64-new-TK