CRAN Package Check Results for Package GLMaSPU

Last updated on 2019-06-24 05:58:02 CEST.

Flavor Version Tinstall Tcheck Ttotal Status Flags
r-devel-linux-x86_64-debian-clang 1.0 25.44 26.08 51.52 OK
r-devel-linux-x86_64-debian-gcc 1.0 20.65 21.55 42.20 OK
r-devel-linux-x86_64-fedora-clang 1.0 72.90 NOTE
r-devel-linux-x86_64-fedora-gcc 1.0 66.60 NOTE
r-devel-windows-ix86+x86_64 1.0 74.00 74.00 148.00 OK
r-patched-linux-x86_64 1.0 21.97 26.56 48.53 OK
r-patched-solaris-x86 1.0 81.30 OK
r-release-linux-x86_64 1.0 27.13 26.74 53.87 OK
r-release-windows-ix86+x86_64 1.0 49.00 61.00 110.00 OK
r-release-osx-x86_64 1.0 OK
r-oldrel-windows-ix86+x86_64 1.0 43.00 53.00 96.00 OK
r-oldrel-osx-x86_64 1.0 OK

Check Details

Version: 1.0
Check: compiled code
Result: NOTE
    File ‘GLMaSPU/libs/GLMaSPU.so’:
     Found no calls to: ‘R_registerRoutines’, ‘R_useDynamicSymbols’
    
    It is good practice to register native routines and to disable symbol
    search.
    
    See ‘Writing portable packages’ in the ‘Writing R Extensions’ manual.
Flavors: r-devel-linux-x86_64-fedora-clang, r-devel-linux-x86_64-fedora-gcc