CRAN Package Check Results for Package GLMaSPU

Last updated on 2019-09-15 05:46:15 CEST.

Flavor Version Tinstall Tcheck Ttotal Status Flags
r-devel-linux-x86_64-debian-clang 1.0 26.71 26.46 53.17 OK
r-devel-linux-x86_64-debian-gcc 1.0 22.83 21.79 44.62 OK
r-devel-linux-x86_64-fedora-clang 1.0 74.15 NOTE
r-devel-linux-x86_64-fedora-gcc 1.0 72.72 NOTE
r-devel-windows-ix86+x86_64 1.0 78.00 76.00 154.00 OK
r-patched-linux-x86_64 1.0 24.12 26.65 50.77 OK
r-patched-solaris-x86 1.0 82.20 OK
r-release-linux-x86_64 1.0 25.56 26.75 52.31 OK
r-release-windows-ix86+x86_64 1.0 45.00 56.00 101.00 OK
r-release-osx-x86_64 1.0 OK
r-oldrel-windows-ix86+x86_64 1.0 61.00 57.00 118.00 OK
r-oldrel-osx-x86_64 1.0 OK

Check Details

Version: 1.0
Check: compiled code
Result: NOTE
    File ‘GLMaSPU/libs/GLMaSPU.so’:
     Found no calls to: ‘R_registerRoutines’, ‘R_useDynamicSymbols’
    
    It is good practice to register native routines and to disable symbol
    search.
    
    See ‘Writing portable packages’ in the ‘Writing R Extensions’ manual.
Flavors: r-devel-linux-x86_64-fedora-clang, r-devel-linux-x86_64-fedora-gcc