CRAN Package Check Results for Package GLMcat

Last updated on 2021-12-05 05:52:48 CET.

Flavor Version Tinstall Tcheck Ttotal Status Flags
r-devel-linux-x86_64-debian-clang 0.2.4 150.59 52.34 202.93 OK
r-devel-linux-x86_64-debian-gcc 0.2.4 114.72 43.67 158.39 OK
r-devel-linux-x86_64-fedora-clang 0.2.4 297.27 NOTE
r-devel-linux-x86_64-fedora-gcc 0.2.4 275.70 OK
r-devel-windows-x86_64-new-UL 0.2.4 172.00 148.00 320.00 OK
r-devel-windows-x86_64-new-TK 0.2.4 OK
r-devel-windows-x86_64-old 0.2.4 189.00 131.00 320.00 OK
r-patched-linux-x86_64 0.2.4 137.36 46.28 183.64 OK
r-release-linux-x86_64 0.2.4 128.23 55.27 183.50 OK
r-release-macos-arm64 0.2.4 NOTE
r-release-macos-x86_64 0.2.4 NOTE
r-release-windows-ix86+x86_64 0.2.4 350.00 116.00 466.00 OK
r-oldrel-macos-x86_64 0.2.4 NOTE
r-oldrel-windows-ix86+x86_64 0.2.4 350.00 108.00 458.00 OK

Check Details

Version: 0.2.4
Check: installed package size
Result: NOTE
     installed size is 17.4Mb
     sub-directories of 1Mb or more:
     libs 17.0Mb
Flavors: r-devel-linux-x86_64-fedora-clang, r-release-macos-arm64, r-release-macos-x86_64, r-oldrel-macos-x86_64