CRAN Package Check Results for Package GMDH2

Last updated on 2024-06-23 06:56:33 CEST.

Flavor Version Tinstall Tcheck Ttotal Status Flags
r-devel-linux-x86_64-debian-clang 1.8 17.45 117.14 134.59 OK
r-devel-linux-x86_64-debian-gcc 1.8 11.36 84.32 95.68 OK
r-devel-linux-x86_64-fedora-clang 1.8 161.79 NOTE
r-devel-linux-x86_64-fedora-gcc 1.8 156.13 OK
r-devel-windows-x86_64 1.8 12.00 98.00 110.00 OK
r-patched-linux-x86_64 1.8 13.00 110.00 123.00 OK
r-release-linux-x86_64 1.8 9.47 112.56 122.03 OK
r-release-macos-arm64 1.8 44.00 OK
r-release-macos-x86_64 1.8 103.00 OK
r-release-windows-x86_64 1.8 12.00 98.00 110.00 OK
r-oldrel-macos-arm64 1.8 48.00 OK
r-oldrel-macos-x86_64 1.8 82.00 NOTE
r-oldrel-windows-x86_64 1.8 16.00 120.00 136.00 OK

Check Details

Version: 1.8
Check: Rd cross-references
Result: NOTE Undeclared package ‘caret’ in Rd xrefs Flavor: r-devel-linux-x86_64-fedora-clang

Version: 1.8
Check: Rd cross-references
Result: NOTE Package unavailable to check Rd xrefs: ‘caret’ Flavor: r-oldrel-macos-x86_64