Last updated on 2021-02-27 06:46:56 CET.
Flavor | Version | Tinstall | Tcheck | Ttotal | Status | Flags |
---|---|---|---|---|---|---|
r-devel-linux-x86_64-debian-clang | 0.5-5.1 | 36.16 | 231.90 | 268.06 | NOTE | |
r-devel-linux-x86_64-debian-gcc | 0.5-5.1 | 32.66 | 171.95 | 204.61 | NOTE | |
r-devel-linux-x86_64-fedora-clang | 0.5-5.1 | 359.15 | NOTE | |||
r-devel-linux-x86_64-fedora-gcc | 0.5-5.1 | 341.22 | NOTE | |||
r-devel-windows-ix86+x86_64 | 0.5-5.1 | 55.00 | 209.00 | 264.00 | OK | |
r-patched-linux-x86_64 | 0.5-5.1 | 34.57 | 215.13 | 249.70 | NOTE | |
r-patched-solaris-x86 | 0.5-5.1 | 457.20 | NOTE | |||
r-release-linux-x86_64 | 0.5-5.1 | 33.68 | 213.84 | 247.52 | NOTE | |
r-release-macos-x86_64 | 0.5-5.1 | NOTE | ||||
r-release-windows-ix86+x86_64 | 0.5-5.1 | 68.00 | 286.00 | 354.00 | OK | |
r-oldrel-macos-x86_64 | 0.5-5.1 | OK | ||||
r-oldrel-windows-ix86+x86_64 | 0.5-5.1 | 45.00 | 228.00 | 273.00 | OK |
Version: 0.5-5.1
Check: package dependencies
Result: NOTE
Package suggested but not available for checking: 'SDMTools'
Flavors: r-devel-linux-x86_64-debian-clang, r-devel-linux-x86_64-debian-gcc, r-devel-linux-x86_64-fedora-clang, r-devel-linux-x86_64-fedora-gcc, r-patched-linux-x86_64, r-patched-solaris-x86, r-release-linux-x86_64, r-release-macos-x86_64
Version: 0.5-5.1
Check: for non-standard things in the check directory
Result: NOTE
Found the following files/directories:
'ORCDRC.txt'
Flavors: r-devel-linux-x86_64-debian-clang, r-devel-linux-x86_64-debian-gcc, r-devel-linux-x86_64-fedora-clang, r-devel-linux-x86_64-fedora-gcc, r-patched-linux-x86_64, r-patched-solaris-x86, r-release-linux-x86_64