CRAN Package Check Results for Package GUIDE

Last updated on 2019-08-18 05:46:15 CEST.

Flavor Version Tinstall Tcheck Ttotal Status Flags
r-devel-linux-x86_64-debian-clang 1.2.7 11.95 49.73 61.68 OK
r-devel-linux-x86_64-debian-gcc 1.2.7 9.22 39.21 48.43 OK
r-devel-linux-x86_64-fedora-clang 1.2.7 78.44 OK
r-devel-linux-x86_64-fedora-gcc 1.2.7 75.49 OK
r-devel-windows-ix86+x86_64 1.2.7 23.00 78.00 101.00 OK
r-patched-linux-x86_64 1.2.7 11.67 51.20 62.87 OK
r-patched-solaris-x86 1.2.7 103.70 OK
r-release-linux-x86_64 1.2.7 11.07 50.68 61.75 OK
r-release-windows-ix86+x86_64 1.2.7 21.00 84.00 105.00 OK
r-release-osx-x86_64 1.2.7 ERROR
r-oldrel-windows-ix86+x86_64 1.2.7 16.00 82.00 98.00 OK
r-oldrel-osx-x86_64 1.2.7 ERROR

Check Details

Version: 1.2.7
Check: package dependencies
Result: ERROR
    Package required but not available: ‘rpanel’
    
    See section ‘The DESCRIPTION file’ in the ‘Writing R Extensions’
    manual.
Flavors: r-release-osx-x86_64, r-oldrel-osx-x86_64