CRAN Package Check Results for Package GUIDE

Last updated on 2019-12-15 05:47:40 CET.

Flavor Version Tinstall Tcheck Ttotal Status Flags
r-devel-linux-x86_64-debian-clang 1.2.7 14.16 53.40 67.56 OK
r-devel-linux-x86_64-debian-gcc 1.2.7 10.46 41.51 51.97 OK
r-devel-linux-x86_64-fedora-clang 1.2.7 84.46 OK
r-devel-linux-x86_64-fedora-gcc 1.2.7 81.17 OK
r-devel-windows-ix86+x86_64 1.2.7 15.00 55.00 70.00 OK
r-devel-windows-ix86+x86_64-gcc8 1.2.7 15.00 83.00 98.00 OK
r-patched-linux-x86_64 1.2.7 12.00 50.35 62.35 OK
r-patched-solaris-x86 1.2.7 95.10 OK
r-release-linux-x86_64 1.2.7 11.68 49.60 61.28 OK
r-release-windows-ix86+x86_64 1.2.7 22.00 52.00 74.00 OK
r-release-osx-x86_64 1.2.7 ERROR
r-oldrel-windows-ix86+x86_64 1.2.7 10.00 55.00 65.00 OK
r-oldrel-osx-x86_64 1.2.7 ERROR

Check Details

Version: 1.2.7
Check: package dependencies
Result: ERROR
    Package required but not available: ‘rpanel’
    
    See section ‘The DESCRIPTION file’ in the ‘Writing R Extensions’
    manual.
Flavors: r-release-osx-x86_64, r-oldrel-osx-x86_64