CRAN Package Check Results for Package GWEX

Last updated on 2024-06-13 06:58:04 CEST.

Flavor Version Tinstall Tcheck Ttotal Status Flags
r-devel-linux-x86_64-debian-clang 1.1.3 41.15 57.08 98.23 OK
r-devel-linux-x86_64-debian-gcc 1.1.3 0.38 1.65 2.03 ERROR
r-devel-linux-x86_64-fedora-clang 1.1.3 122.09 OK
r-devel-linux-x86_64-fedora-gcc 1.1.3 122.53 OK
r-devel-windows-x86_64 1.1.3 30.00 82.00 112.00 OK
r-patched-linux-x86_64 1.1.3 31.82 53.02 84.84 OK
r-release-linux-x86_64 1.1.3 26.85 52.15 79.00 OK
r-release-macos-arm64 1.1.3 32.00 OK
r-release-macos-x86_64 1.1.3 45.00 OK
r-release-windows-x86_64 1.1.3 32.00 88.00 120.00 OK
r-oldrel-macos-arm64 1.1.3 39.00 OK
r-oldrel-macos-x86_64 1.1.3 55.00 OK
r-oldrel-windows-x86_64 1.1.3 38.00 101.00 139.00 OK

Check Details

Version: 1.1.3
Check: package dependencies
Result: ERROR Package required but not available: ‘EnvStats’ See section ‘The DESCRIPTION file’ in the ‘Writing R Extensions’ manual. Flavor: r-devel-linux-x86_64-debian-gcc