CRAN Package Check Results for Package GWEX

Last updated on 2022-01-26 05:54:17 CET.

Flavor Version Tinstall Tcheck Ttotal Status Flags
r-devel-linux-x86_64-debian-clang 1.0.2 5.91 48.32 54.23 OK
r-devel-linux-x86_64-debian-gcc 1.0.2 5.14 36.95 42.09 OK
r-devel-linux-x86_64-fedora-clang 1.0.2 70.20 NOTE
r-devel-linux-x86_64-fedora-gcc 1.0.2 54.74 NOTE
r-devel-windows-x86_64-new-UL 1.0.2 41.00 84.00 125.00 OK
r-devel-windows-x86_64-new-TK 1.0.2 OK
r-patched-linux-x86_64 1.0.2 6.51 46.27 52.78 OK
r-release-linux-x86_64 1.0.2 6.33 45.26 51.59 OK
r-release-macos-arm64 1.0.2 OK
r-release-macos-x86_64 1.0.2 OK
r-release-windows-ix86+x86_64 1.0.2 18.00 84.00 102.00 OK
r-oldrel-macos-x86_64 1.0.2 OK
r-oldrel-windows-ix86+x86_64 1.0.2 18.00 87.00 105.00 OK

Check Details

Version: 1.0.2
Check: compiled code
Result: NOTE
    File ‘GWEX/libs/GWEX.so’:
     Found no calls to: ‘R_registerRoutines’, ‘R_useDynamicSymbols’
    
    It is good practice to register native routines and to disable symbol
    search.
    
    See ‘Writing portable packages’ in the ‘Writing R Extensions’ manual.
Flavors: r-devel-linux-x86_64-fedora-clang, r-devel-linux-x86_64-fedora-gcc