CRAN Package Check Results for Package GWSDAT

Last updated on 2024-06-13 06:58:04 CEST.

Flavor Version Tinstall Tcheck Ttotal Status Flags
r-devel-linux-x86_64-debian-clang 3.2.1 51.13 406.61 457.74 OK
r-devel-linux-x86_64-debian-gcc 3.2.1 0.45 1.77 2.22 ERROR
r-devel-linux-x86_64-fedora-clang 3.2.1 577.04 NOTE
r-devel-linux-x86_64-fedora-gcc 3.2.1 511.05 OK
r-devel-windows-x86_64 3.2.1 38.00 225.00 263.00 OK
r-patched-linux-x86_64 3.2.1 52.93 379.44 432.37 OK
r-release-linux-x86_64 3.2.1 50.91 381.75 432.66 OK
r-release-macos-arm64 3.2.1 112.00 OK
r-release-macos-x86_64 3.2.1 199.00 OK
r-release-windows-x86_64 3.2.1 39.00 227.00 266.00 OK
r-oldrel-macos-arm64 3.2.1 119.00 OK
r-oldrel-macos-x86_64 3.2.1 284.00 OK
r-oldrel-windows-x86_64 3.2.1 52.00 294.00 346.00 OK

Check Details

Version: 3.2.1
Check: package dependencies
Result: ERROR Packages required but not available: 'lubridate', 'readxl' Package suggested but not available for checking: ‘RSQLite’ See section ‘The DESCRIPTION file’ in the ‘Writing R Extensions’ manual. Flavor: r-devel-linux-x86_64-debian-gcc

Version: 3.2.1
Check: package dependencies
Result: NOTE Imports includes 21 non-default packages. Importing from so many packages makes the package vulnerable to any of them becoming unavailable. Move as many as possible to Suggests and use conditionally. Flavor: r-devel-linux-x86_64-fedora-clang