Last updated on 2019-12-15 05:47:39 CET.
Flavor | Version | Tinstall | Tcheck | Ttotal | Status | Flags |
---|---|---|---|---|---|---|
r-devel-linux-x86_64-debian-clang | 0.2.2 | 163.06 | 180.90 | 343.96 | OK | |
r-devel-linux-x86_64-debian-gcc | 0.2.2 | 121.61 | 121.60 | 243.21 | OK | |
r-devel-linux-x86_64-fedora-clang | 0.2.2 | 446.34 | NOTE | |||
r-devel-linux-x86_64-fedora-gcc | 0.2.2 | 422.17 | OK | |||
r-devel-windows-ix86+x86_64 | 0.2.2 | 289.00 | 273.00 | 562.00 | OK | |
r-devel-windows-ix86+x86_64-gcc8 | 0.2.2 | 340.00 | 386.00 | 726.00 | OK | |
r-patched-linux-x86_64 | 0.2.2 | 127.08 | 155.33 | 282.41 | OK | |
r-patched-solaris-x86 | 0.2.2 | 422.10 | OK | |||
r-release-linux-x86_64 | 0.2.2 | 131.03 | 151.17 | 282.20 | OK | |
r-release-windows-ix86+x86_64 | 0.2.2 | 261.00 | 263.00 | 524.00 | OK | |
r-release-osx-x86_64 | 0.2.2 | OK | ||||
r-oldrel-windows-ix86+x86_64 | 0.2.2 | 258.00 | 233.00 | 491.00 | OK | |
r-oldrel-osx-x86_64 | 0.2.2 | OK |
Version: 0.2.2
Check: installed package size
Result: NOTE
installed size is 5.7Mb
sub-directories of 1Mb or more:
libs 4.8Mb
Flavor: r-devel-linux-x86_64-fedora-clang