CRAN Package Check Results for Package GeneNet

Last updated on 2022-10-06 05:59:27 CEST.

Flavor Version Tinstall Tcheck Ttotal Status Flags
r-devel-linux-x86_64-debian-clang 1.2.16 2.55 30.89 33.44 OK
r-devel-linux-x86_64-debian-gcc 1.2.16 1.33 23.49 24.82 OK
r-devel-linux-x86_64-fedora-clang 1.2.16 53.55 OK
r-devel-linux-x86_64-fedora-gcc 1.2.16 50.19 OK
r-devel-windows-x86_64 1.2.16 16.00 65.00 81.00 OK
r-patched-linux-x86_64 1.2.16 4.88 28.12 33.00 OK
r-release-linux-x86_64 1.2.16 2.95 28.29 31.24 OK
r-release-macos-arm64 1.2.16 18.00 NOTE
r-release-macos-x86_64 1.2.16 23.00 OK
r-release-windows-x86_64 1.2.16 6.00 54.00 60.00 OK
r-oldrel-macos-arm64 1.2.16 20.00 OK
r-oldrel-macos-x86_64 1.2.16 23.00 OK
r-oldrel-windows-ix86+x86_64 1.2.16 4.00 51.00 55.00 OK

Check Details

Version: 1.2.16
Check: package dependencies
Result: NOTE
    Packages suggested but not available for checking: 'graph', 'Rgraphviz'
Flavor: r-release-macos-arm64