Last updated on 2022-08-11 05:54:29 CEST.
Flavor | Version | Tinstall | Tcheck | Ttotal | Status | Flags |
---|---|---|---|---|---|---|
r-devel-linux-x86_64-debian-clang | 1.0.2 | 3.45 | 35.89 | 39.34 | OK | |
r-devel-linux-x86_64-debian-gcc | 1.0.2 | 3.28 | 27.77 | 31.05 | OK | |
r-devel-linux-x86_64-fedora-clang | 1.0.2 | 63.71 | NOTE | |||
r-devel-linux-x86_64-fedora-gcc | 1.0.2 | 57.37 | NOTE | |||
r-devel-windows-x86_64 | 1.0.2 | 30.00 | 62.00 | 92.00 | OK | |
r-patched-linux-x86_64 | 1.0.2 | 4.68 | 35.64 | 40.32 | OK | |
r-release-linux-x86_64 | 1.0.2 | OK | ||||
r-release-macos-arm64 | 1.0.2 | 34.00 | NOTE | |||
r-release-macos-x86_64 | 1.0.2 | 27.00 | NOTE | |||
r-release-windows-x86_64 | 1.0.2 | 35.00 | 62.00 | 97.00 | OK | |
r-oldrel-macos-arm64 | 1.0.2 | 21.00 | NOTE | |||
r-oldrel-macos-x86_64 | 1.0.2 | 26.00 | NOTE | |||
r-oldrel-windows-ix86+x86_64 | 1.0.2 | 13.00 | 57.00 | 70.00 | OK |
Version: 1.0.2
Check: dependencies in R code
Result: NOTE
Namespaces in Imports field not imported from:
‘DT’ ‘GWmodel’ ‘beepr’ ‘cartography’ ‘dplyr’ ‘raster’ ‘readxl’
‘shinyBS’ ‘shinyWidgets’ ‘shinyalert’ ‘shinybusy’ ‘shinyjs’ ‘sp’
‘spdep’
All declared Imports should be used.
Flavors: r-devel-linux-x86_64-fedora-clang, r-devel-linux-x86_64-fedora-gcc, r-release-macos-arm64, r-release-macos-x86_64, r-oldrel-macos-arm64, r-oldrel-macos-x86_64