CRAN Package Check Results for Package GetDFPData2

Last updated on 2021-12-03 05:51:59 CET.

Flavor Version Tinstall Tcheck Ttotal Status Flags
r-devel-linux-x86_64-debian-clang 0.5 2.77 25.92 28.69 NOTE
r-devel-linux-x86_64-debian-gcc 0.5 1.70 20.02 21.72 NOTE
r-devel-linux-x86_64-fedora-clang 0.5 47.77 NOTE
r-devel-linux-x86_64-fedora-gcc 0.5 34.82 NOTE
r-devel-windows-x86_64-new-UL 0.5 9.00 62.00 71.00 NOTE
r-devel-windows-x86_64-new-TK 0.5 NOTE
r-devel-windows-x86_64-old 0.5 6.00 40.00 46.00 NOTE
r-patched-linux-x86_64 0.5 2.54 25.17 27.71 NOTE
r-patched-solaris-x86 0.5 53.60 NOTE
r-release-linux-x86_64 0.5 2.80 24.74 27.54 NOTE
r-release-macos-arm64 0.5 NOTE
r-release-macos-x86_64 0.5 NOTE
r-release-windows-ix86+x86_64 0.5 7.00 46.00 53.00 NOTE
r-oldrel-macos-x86_64 0.5 NOTE
r-oldrel-windows-ix86+x86_64 0.5 7.00 35.00 42.00 OK

Check Details

Version: 0.5
Check: LazyData
Result: NOTE
     'LazyData' is specified without a 'data' directory
Flavors: r-devel-linux-x86_64-debian-clang, r-devel-linux-x86_64-debian-gcc, r-devel-linux-x86_64-fedora-clang, r-devel-linux-x86_64-fedora-gcc, r-devel-windows-x86_64-new-UL, r-devel-windows-x86_64-new-TK, r-devel-windows-x86_64-old, r-patched-linux-x86_64, r-patched-solaris-x86, r-release-linux-x86_64, r-release-macos-arm64, r-release-macos-x86_64, r-release-windows-ix86+x86_64

Version: 0.5
Check: dependencies in R code
Result: NOTE
    Namespace in Imports field not imported from: ‘curl’
     All declared Imports should be used.
Flavors: r-devel-linux-x86_64-fedora-clang, r-devel-linux-x86_64-fedora-gcc, r-devel-windows-x86_64-new-TK, r-patched-solaris-x86, r-release-macos-arm64, r-release-macos-x86_64, r-oldrel-macos-x86_64