CRAN Package Check Results for Package GetTDData

Last updated on 2019-12-07 05:47:33 CET.

Flavor Version Tinstall Tcheck Ttotal Status Flags
r-devel-linux-x86_64-debian-clang 1.4.2 3.26 40.82 44.08 OK
r-devel-linux-x86_64-debian-gcc 1.4.2 2.51 32.08 34.59 OK
r-devel-linux-x86_64-fedora-clang 1.4.2 50.12 NOTE
r-devel-linux-x86_64-fedora-gcc 1.4.2 49.28 NOTE
r-devel-windows-ix86+x86_64 1.4.2 8.00 57.00 65.00 OK
r-devel-windows-ix86+x86_64-gcc8 1.4.2 9.00 58.00 67.00 OK
r-patched-linux-x86_64 1.4.2 2.64 37.67 40.31 OK
r-patched-solaris-x86 1.4.2 73.50 NOTE
r-release-linux-x86_64 1.4.2 2.47 37.28 39.75 OK
r-release-windows-ix86+x86_64 1.4.2 7.00 50.00 57.00 OK
r-release-osx-x86_64 1.4.2 NOTE
r-oldrel-windows-ix86+x86_64 1.4.2 4.00 48.00 52.00 OK
r-oldrel-osx-x86_64 1.4.2 NOTE

Check Details

Version: 1.4.2
Check: dependencies in R code
Result: NOTE
    Namespace in Imports field not imported from: ‘XML’
     All declared Imports should be used.
Flavors: r-devel-linux-x86_64-fedora-clang, r-devel-linux-x86_64-fedora-gcc, r-patched-solaris-x86, r-release-osx-x86_64, r-oldrel-osx-x86_64