CRAN Package Check Results for Package GoodmanKruskal

Last updated on 2022-05-28 05:53:09 CEST.

Flavor Version Tinstall Tcheck Ttotal Status Flags
r-devel-linux-x86_64-debian-clang 0.0.3 2.34 37.72 40.06 NOTE
r-devel-linux-x86_64-debian-gcc 0.0.3 1.79 29.65 31.44 NOTE
r-devel-linux-x86_64-fedora-clang 0.0.3 49.55 NOTE
r-devel-linux-x86_64-fedora-gcc 0.0.3 47.79 NOTE
r-devel-windows-x86_64 0.0.3 25.00 59.00 84.00 NOTE
r-patched-linux-x86_64 0.0.3 2.15 36.80 38.95 NOTE
r-release-linux-x86_64 0.0.3 2.21 37.13 39.34 NOTE
r-release-macos-arm64 0.0.3 23.00 NOTE
r-release-macos-x86_64 0.0.3 27.00 NOTE
r-release-windows-x86_64 0.0.3 22.00 57.00 79.00 NOTE
r-oldrel-macos-arm64 0.0.3 25.00 NOTE
r-oldrel-macos-x86_64 0.0.3 32.00 NOTE
r-oldrel-windows-ix86+x86_64 0.0.3 6.00 47.00 53.00 NOTE

Check Details

Version: 0.0.3
Check: LazyData
Result: NOTE
     'LazyData' is specified without a 'data' directory
Flavors: r-devel-linux-x86_64-debian-clang, r-devel-linux-x86_64-debian-gcc, r-devel-linux-x86_64-fedora-clang, r-devel-linux-x86_64-fedora-gcc, r-devel-windows-x86_64, r-patched-linux-x86_64, r-release-linux-x86_64, r-release-macos-arm64, r-release-macos-x86_64, r-release-windows-x86_64, r-oldrel-macos-arm64, r-oldrel-macos-x86_64, r-oldrel-windows-ix86+x86_64