Last updated on 2022-08-18 05:52:32 CEST.
Flavor | Version | Tinstall | Tcheck | Ttotal | Status | Flags |
---|---|---|---|---|---|---|
r-devel-linux-x86_64-debian-clang | 1.0.6-1 | 33.95 | 61.20 | 95.15 | OK | |
r-devel-linux-x86_64-debian-gcc | 1.0.6-1 | 25.92 | 45.10 | 71.02 | OK | |
r-devel-linux-x86_64-fedora-clang | 1.0.6-1 | 130.49 | OK | |||
r-devel-linux-x86_64-fedora-gcc | 1.0.6-1 | 124.61 | OK | |||
r-devel-windows-x86_64 | 1.0.6-1 | 39.00 | 111.00 | 150.00 | NOTE | |
r-patched-linux-x86_64 | 1.0.6-1 | 30.17 | 55.37 | 85.54 | OK | |
r-release-linux-x86_64 | 1.0.6-1 | 28.41 | 55.62 | 84.03 | OK | |
r-release-macos-arm64 | 1.0.6-1 | 37.00 | NOTE | |||
r-release-macos-x86_64 | 1.0.6-1 | 46.00 | NOTE | |||
r-release-windows-x86_64 | 1.0.6-1 | 45.00 | 115.00 | 160.00 | NOTE | |
r-oldrel-macos-arm64 | 1.0.6-1 | 33.00 | NOTE | |||
r-oldrel-macos-x86_64 | 1.0.6-1 | 49.00 | NOTE | |||
r-oldrel-windows-ix86+x86_64 | 1.0.6-1 | 82.00 | 123.00 | 205.00 | NOTE |
Version: 1.0.6-1
Check: installed package size
Result: NOTE
installed size is 5.4Mb
sub-directories of 1Mb or more:
libs 1.0Mb
shiny 4.3Mb
Flavors: r-devel-windows-x86_64, r-release-macos-arm64, r-release-macos-x86_64, r-release-windows-x86_64, r-oldrel-macos-arm64, r-oldrel-macos-x86_64, r-oldrel-windows-ix86+x86_64