CRAN Package Check Results for Package HARModel

Last updated on 2019-08-22 05:47:01 CEST.

Flavor Version Tinstall Tcheck Ttotal Status Flags
r-devel-linux-x86_64-debian-clang 0.2 43.63 35.76 79.39 WARN
r-devel-linux-x86_64-debian-gcc 0.2 35.62 28.08 63.70 OK
r-devel-linux-x86_64-fedora-clang 0.2 120.26 WARN
r-devel-linux-x86_64-fedora-gcc 0.2 113.07 OK
r-devel-windows-ix86+x86_64 0.2 141.00 102.00 243.00 OK
r-patched-linux-x86_64 0.2 40.42 35.54 75.96 OK
r-patched-solaris-x86 0.2 129.30 OK
r-release-linux-x86_64 0.2 39.59 35.33 74.92 OK
r-release-windows-ix86+x86_64 0.2 125.00 94.00 219.00 OK
r-release-osx-x86_64 0.2 WARN
r-oldrel-windows-ix86+x86_64 0.2 123.00 91.00 214.00 OK
r-oldrel-osx-x86_64 0.2 WARN

Check Details

Version: 0.2
Check: whether package can be installed
Result: WARN
    Found the following significant warnings:
     HARDataCreationC.cpp:19:9: warning: explicitly assigning value of variable of type 'int' to itself [-Wself-assign]
Flavors: r-devel-linux-x86_64-debian-clang, r-devel-linux-x86_64-fedora-clang, r-release-osx-x86_64, r-oldrel-osx-x86_64