CRAN Package Check Results for Package HDTSA

Last updated on 2022-08-18 05:52:32 CEST.

Flavor Version Tinstall Tcheck Ttotal Status Flags
r-devel-linux-x86_64-debian-clang 1.0.1 98.19 40.49 138.68 OK
r-devel-linux-x86_64-debian-gcc 1.0.1 83.20 34.66 117.86 OK
r-devel-linux-x86_64-fedora-clang 1.0.1 184.40 OK
r-devel-linux-x86_64-fedora-gcc 1.0.1 195.33 OK
r-devel-windows-x86_64 1.0.1 65.00 88.00 153.00 OK
r-patched-linux-x86_64 1.0.1 75.46 42.43 117.89 OK
r-release-linux-x86_64 1.0.1 82.51 42.56 125.07 OK
r-release-macos-arm64 1.0.1 50.00 NOTE
r-release-macos-x86_64 1.0.1 63.00 NOTE
r-release-windows-x86_64 1.0.1 65.00 89.00 154.00 OK
r-oldrel-macos-arm64 1.0.1 50.00 NOTE
r-oldrel-macos-x86_64 1.0.1 66.00 NOTE
r-oldrel-windows-ix86+x86_64 1.0.1 211.00 99.00 310.00 OK

Check Details

Version: 1.0.1
Check: installed package size
Result: NOTE
     installed size is 21.6Mb
     sub-directories of 1Mb or more:
     libs 21.5Mb
Flavors: r-release-macos-arm64, r-release-macos-x86_64, r-oldrel-macos-arm64, r-oldrel-macos-x86_64