CRAN Package Check Results for Package HDclassif

Last updated on 2024-06-25 07:06:22 CEST.

Flavor Version Tinstall Tcheck Ttotal Status Flags
r-devel-linux-x86_64-debian-clang 2.2.1 13.60 104.18 117.78 NOTE
r-devel-linux-x86_64-debian-gcc 2.2.1 9.46 77.94 87.40 NOTE
r-devel-linux-x86_64-fedora-clang 2.2.1 143.64 NOTE
r-devel-linux-x86_64-fedora-gcc 2.2.1 137.44 NOTE
r-devel-windows-x86_64 2.2.1 10.00 88.00 98.00 NOTE
r-patched-linux-x86_64 2.2.1 11.57 98.12 109.69 NOTE
r-release-linux-x86_64 2.2.1 11.45 98.60 110.05 NOTE
r-release-macos-arm64 2.2.1 41.00 NOTE
r-release-macos-x86_64 2.2.1 66.00 NOTE
r-release-windows-x86_64 2.2.1 11.00 88.00 99.00 NOTE
r-oldrel-macos-arm64 2.2.1 42.00 OK
r-oldrel-macos-x86_64 2.2.1 86.00 OK
r-oldrel-windows-x86_64 2.2.1 14.00 105.00 119.00 OK

Check Details

Version: 2.2.1
Check: Rd files
Result: NOTE checkRd: (-1) hdda.Rd:121-123: Lost braces in \itemize; meant \describe ? checkRd: (-1) hdda.Rd:124-127: Lost braces in \itemize; meant \describe ? checkRd: (-1) hdda.Rd:128-132: Lost braces in \itemize; meant \describe ? checkRd: (-1) hddc.Rd:162-164: Lost braces in \itemize; meant \describe ? checkRd: (-1) hddc.Rd:165-168: Lost braces in \itemize; meant \describe ? Flavors: r-devel-linux-x86_64-debian-clang, r-devel-linux-x86_64-debian-gcc, r-devel-linux-x86_64-fedora-clang, r-devel-linux-x86_64-fedora-gcc, r-devel-windows-x86_64, r-patched-linux-x86_64, r-release-linux-x86_64, r-release-macos-arm64, r-release-macos-x86_64, r-release-windows-x86_64