CRAN Package Check Results for Package HEMDAG

Last updated on 2019-07-16 05:48:16 CEST.

Flavor Version Tinstall Tcheck Ttotal Status Flags
r-devel-linux-x86_64-debian-clang 2.4.8 10.90 127.89 138.79 OK
r-devel-linux-x86_64-debian-gcc 2.4.8 10.57 97.17 107.74 OK
r-devel-linux-x86_64-fedora-clang 2.4.8 160.86 OK
r-devel-linux-x86_64-fedora-gcc 2.4.8 154.71 OK
r-devel-windows-ix86+x86_64 2.4.8 48.00 204.00 252.00 OK
r-patched-linux-x86_64 2.4.8 10.36 128.32 138.68 OK
r-patched-solaris-x86 2.4.8 204.50 OK
r-release-linux-x86_64 2.4.8 12.17 124.39 136.56 OK
r-release-windows-ix86+x86_64 2.4.8 27.00 282.00 309.00 OK
r-release-osx-x86_64 2.4.8 ERROR
r-oldrel-windows-ix86+x86_64 2.4.8 30.00 209.00 239.00 OK
r-oldrel-osx-x86_64 2.4.8 OK

Check Details

Version: 2.4.8
Check: package dependencies
Result: ERROR
    Packages required but not available: 'graph', 'RBGL', 'preprocessCore'
    
    Package suggested but not available for checking: ‘Rgraphviz’
    
    See section ‘The DESCRIPTION file’ in the ‘Writing R Extensions’
    manual.
Flavor: r-release-osx-x86_64