CRAN Package Check Results for Package HMB

Last updated on 2022-08-12 05:52:49 CEST.

Flavor Version Tinstall Tcheck Ttotal Status Flags
r-devel-linux-x86_64-debian-clang 1.1 127.87 34.93 162.80 OK
r-devel-linux-x86_64-debian-gcc 1.1 107.32 28.00 135.32 OK
r-devel-linux-x86_64-fedora-clang 1.1 262.81 NOTE
r-devel-linux-x86_64-fedora-gcc 1.1 231.29 OK
r-devel-windows-x86_64 1.1 139.00 80.00 219.00 OK
r-patched-linux-x86_64 1.1 115.05 34.07 149.12 OK
r-release-linux-x86_64 1.1 117.23 33.99 151.22 OK
r-release-macos-arm64 1.1 52.00 NOTE
r-release-macos-x86_64 1.1 71.00 NOTE
r-release-windows-x86_64 1.1 133.00 82.00 215.00 OK
r-oldrel-macos-arm64 1.1 63.00 NOTE
r-oldrel-macos-x86_64 1.1 150.00 NOTE
r-oldrel-windows-ix86+x86_64 1.1 329.00 80.00 409.00 NOTE

Check Details

Version: 1.1
Check: installed package size
Result: NOTE
     installed size is 6.9Mb
     sub-directories of 1Mb or more:
     data 3.5Mb
     libs 3.1Mb
Flavors: r-devel-linux-x86_64-fedora-clang, r-release-macos-arm64, r-release-macos-x86_64, r-oldrel-macos-arm64, r-oldrel-macos-x86_64, r-oldrel-windows-ix86+x86_64