Last updated on 2021-01-16 05:47:06 CET.
Flavor | Version | Tinstall | Tcheck | Ttotal | Status | Flags |
---|---|---|---|---|---|---|
r-devel-linux-x86_64-debian-clang | 0.3.2 | 12.03 | 116.56 | 128.59 | OK | |
r-devel-linux-x86_64-debian-gcc | 0.3.2 | 7.36 | 92.94 | 100.30 | OK | |
r-devel-linux-x86_64-fedora-clang | 0.3.2 | 161.11 | OK | |||
r-devel-linux-x86_64-fedora-gcc | 0.3.2 | 152.27 | OK | |||
r-devel-windows-ix86+x86_64 | 0.3.2 | 18.00 | 112.00 | 130.00 | OK | |
r-patched-linux-x86_64 | 0.3.2 | 11.44 | 107.70 | 119.14 | OK | |
r-patched-solaris-x86 | 0.3.2 | 221.60 | NOTE | |||
r-release-linux-x86_64 | 0.3.2 | 11.09 | 109.60 | 120.69 | OK | |
r-release-macos-x86_64 | 0.3.2 | OK | ||||
r-release-windows-ix86+x86_64 | 0.3.2 | 20.00 | 114.00 | 134.00 | OK | |
r-oldrel-macos-x86_64 | 0.3.2 | OK | ||||
r-oldrel-windows-ix86+x86_64 | 0.3.2 | 22.00 | 109.00 | 131.00 | OK |
Version: 0.3.2
Check: package dependencies
Result: NOTE
Package which this enhances but not available for checking: ‘RProtoBuf’
Flavor: r-patched-solaris-x86