CRAN Package Check Results for Package HotellingEllipse

Last updated on 2022-01-23 05:57:54 CET.

Flavor Version Tinstall Tcheck Ttotal Status Flags
r-devel-linux-x86_64-debian-clang 0.1.1 4.47 49.59 54.06 OK
r-devel-linux-x86_64-debian-gcc 0.1.1 4.95 41.29 46.24 OK
r-devel-linux-x86_64-fedora-clang 0.1.1 66.34 NOTE
r-devel-linux-x86_64-fedora-gcc 0.1.1 54.74 NOTE
r-devel-windows-x86_64-new-UL 0.1.1 124.00 69.00 193.00 OK
r-devel-windows-x86_64-new-TK 0.1.1 ERROR
r-patched-linux-x86_64 0.1.1 4.03 45.76 49.79 OK
r-release-linux-x86_64 0.1.1 5.05 45.49 50.54 OK
r-release-macos-arm64 0.1.1 NOTE
r-release-macos-x86_64 0.1.1 NOTE
r-release-windows-ix86+x86_64 0.1.1 11.00 60.00 71.00 OK
r-oldrel-macos-x86_64 0.1.1 NOTE
r-oldrel-windows-ix86+x86_64 0.1.1 10.00 60.00 70.00 OK

Check Details

Version: 0.1.1
Check: dependencies in R code
Result: NOTE
    Namespaces in Imports field not imported from:
     ‘FactoMineR’ ‘dplyr’ ‘ggforce’ ‘ggplot2’ ‘lifecycle’ ‘purrr’
     All declared Imports should be used.
Flavors: r-devel-linux-x86_64-fedora-clang, r-devel-linux-x86_64-fedora-gcc, r-release-macos-arm64, r-release-macos-x86_64, r-oldrel-macos-x86_64

Version: 0.1.1
Check: package dependencies
Result: ERROR
    Package required but not available: 'FactoMineR'
    
    See section 'The DESCRIPTION file' in the 'Writing R Extensions'
    manual.
Flavor: r-devel-windows-x86_64-new-TK