CRAN Package Check Results for Package HypergeoMat

Last updated on 2022-11-28 04:54:43 CET.

Flavor Version Tinstall Tcheck Ttotal Status Flags
r-devel-linux-x86_64-debian-clang 4.0.1 33.33 47.80 81.13 OK
r-devel-linux-x86_64-debian-gcc 4.0.1 23.93 37.90 61.83 OK
r-devel-linux-x86_64-fedora-clang 4.0.1 116.19 OK
r-devel-linux-x86_64-fedora-gcc 4.0.1 106.54 OK
r-devel-windows-x86_64 4.0.1 32.00 112.00 144.00 OK
r-patched-linux-x86_64 4.0.1 26.81 45.64 72.45 OK
r-release-linux-x86_64 4.0.1 24.86 46.63 71.49 OK
r-release-macos-arm64 4.0.1 38.00 NOTE
r-release-macos-x86_64 4.0.1 50.00 NOTE
r-release-windows-x86_64 4.0.1 40.00 115.00 155.00 OK
r-oldrel-macos-arm64 4.0.1 31.00 NOTE
r-oldrel-macos-x86_64 4.0.1 50.00 NOTE
r-oldrel-windows-ix86+x86_64 4.0.1 71.00 134.00 205.00 OK

Check Details

Version: 4.0.1
Check: installed package size
Result: NOTE
     installed size is 5.2Mb
     sub-directories of 1Mb or more:
     libs 5.1Mb
Flavors: r-release-macos-arm64, r-release-macos-x86_64, r-oldrel-macos-arm64, r-oldrel-macos-x86_64